CRAN Package Check Results for Package iopsych

Last updated on 2024-02-26 23:03:42 CET.

Flavor Version Tinstall Tcheck Ttotal Status Flags
r-devel-linux-x86_64-debian-clang 0.90.1 3.37 51.45 54.82 NOTE
r-devel-linux-x86_64-debian-gcc 0.90.1 2.48 38.33 40.81 NOTE
r-devel-linux-x86_64-fedora-clang 0.90.1 67.39 NOTE
r-devel-linux-x86_64-fedora-gcc 0.90.1 64.46 OK
r-devel-windows-x86_64 0.90.1 4.00 70.00 74.00 OK
r-patched-linux-x86_64 0.90.1 3.94 52.23 56.17 OK
r-release-linux-x86_64 0.90.1 2.38 52.41 54.79 OK
r-release-macos-arm64 0.90.1 26.00 OK
r-release-macos-x86_64 0.90.1 40.00 OK
r-release-windows-x86_64 0.90.1 3.00 81.00 84.00 OK
r-oldrel-macos-arm64 0.90.1 28.00 OK
r-oldrel-windows-x86_64 0.90.1 5.00 79.00 84.00 OK

Check Details

Version: 0.90.1
Check: Rd files
Result: NOTE checkRd: (-1) aiPux.Rd:25: Lost braces in \itemize; \value handles \item{}{} directly checkRd: (-1) aiPux.Rd:26: Lost braces in \itemize; \value handles \item{}{} directly checkRd: (-1) aiPux.Rd:27: Lost braces in \itemize; \value handles \item{}{} directly checkRd: (-1) aiPux.Rd:28: Lost braces in \itemize; \value handles \item{}{} directly checkRd: (-1) aiPux.Rd:29: Lost braces in \itemize; \value handles \item{}{} directly checkRd: (-1) aiPux.Rd:30: Lost braces in \itemize; \value handles \item{}{} directly checkRd: (-1) aiPuxComposite.Rd:34: Lost braces in \itemize; \value handles \item{}{} directly checkRd: (-1) aiPuxComposite.Rd:35: Lost braces in \itemize; \value handles \item{}{} directly checkRd: (-1) aiPuxComposite.Rd:36: Lost braces in \itemize; \value handles \item{}{} directly checkRd: (-1) aiPuxComposite.Rd:37: Lost braces in \itemize; \value handles \item{}{} directly checkRd: (-1) aiPuxComposite.Rd:38: Lost braces in \itemize; \value handles \item{}{} directly checkRd: (-1) aiPuxComposite.Rd:39: Lost braces in \itemize; \value handles \item{}{} directly checkRd: (-1) dls2007.Rd:19: Lost braces 19 | impact. emph{Journal of Applied Psychology}, 92(5), 1380. | ^ checkRd: (-1) paretoXX.Rd:20: Lost braces in \itemize; \value handles \item{}{} directly checkRd: (-1) paretoXX.Rd:21: Lost braces in \itemize; \value handles \item{}{} directly checkRd: (-1) paretoXX.Rd:22-23: Lost braces in \itemize; \value handles \item{}{} directly checkRd: (-1) paretoXY.Rd:29: Lost braces in \itemize; \value handles \item{}{} directly checkRd: (-1) paretoXY.Rd:30-31: Lost braces in \itemize; \value handles \item{}{} directly checkRd: (-1) paretoXY.Rd:32-33: Lost braces in \itemize; \value handles \item{}{} directly Flavors: r-devel-linux-x86_64-debian-clang, r-devel-linux-x86_64-debian-gcc, r-devel-linux-x86_64-fedora-clang