CRAN Package Check Results for Package iotools

Last updated on 2021-06-17 22:54:57 CEST.

Flavor Version Tinstall Tcheck Ttotal Status Flags
r-devel-linux-x86_64-debian-clang 0.3-1 5.58 33.70 39.28 NOTE
r-devel-linux-x86_64-debian-gcc 0.3-1 4.25 26.73 30.98 NOTE
r-devel-linux-x86_64-fedora-clang 0.3-1 56.71 NOTE
r-devel-linux-x86_64-fedora-gcc 0.3-1 46.61 NOTE
r-devel-windows-x86_64 0.3-1 12.00 41.00 53.00 NOTE
r-devel-windows-x86_64-gcc10-UCRT 0.3-1 NOTE
r-patched-linux-x86_64 0.3-1 5.13 32.49 37.62 NOTE
r-patched-solaris-x86 0.3-1 72.70 NOTE
r-release-linux-x86_64 0.3-1 4.58 32.53 37.11 NOTE
r-release-macos-arm64 0.3-1 NOTE
r-release-macos-x86_64 0.3-1 NOTE
r-release-windows-ix86+x86_64 0.3-1 20.00 67.00 87.00 NOTE
r-oldrel-macos-x86_64 0.3-1 NOTE
r-oldrel-windows-ix86+x86_64 0.3-1 17.00 67.00 84.00 NOTE

Check Details

Version: 0.3-1
Check: compiled code
Result: NOTE
    File 'iotools/libs/iotools.so':
     Found non-API calls to R: 'R_GetConnection', 'R_ReadConnection',
     'R_WriteConnection'
    
    Compiled code should not call non-API entry points in R.
    
    See 'Writing portable packages' in the 'Writing R Extensions' manual.
Flavors: r-devel-linux-x86_64-debian-clang, r-devel-linux-x86_64-debian-gcc, r-patched-linux-x86_64, r-patched-solaris-x86, r-release-linux-x86_64, r-release-macos-arm64, r-release-macos-x86_64, r-oldrel-macos-x86_64

Version: 0.3-1
Check: compiled code
Result: NOTE
    File ‘iotools/libs/iotools.so’:
     Found non-API calls to R: ‘R_GetConnection’, ‘R_ReadConnection’,
     ‘R_WriteConnection’
    File ‘iotools/libs/iotools.so’:
     Found no calls to: ‘R_registerRoutines’, ‘R_useDynamicSymbols’
    
    Compiled code should not call non-API entry points in R.
    It is good practice to register native routines and to disable symbol
    search.
    
    See ‘Writing portable packages’ in the ‘Writing R Extensions’ manual.
Flavors: r-devel-linux-x86_64-fedora-clang, r-devel-linux-x86_64-fedora-gcc

Version: 0.3-1
Check: compiled code
Result: NOTE
    File 'iotools/libs/x64/iotools.dll':
     Found non-API calls to R: 'R_GetConnection', 'R_ReadConnection',
     'R_WriteConnection'
    
    Compiled code should not call non-API entry points in R.
    
    See 'Writing portable packages' in the 'Writing R Extensions' manual.
Flavors: r-devel-windows-x86_64, r-devel-windows-x86_64-gcc10-UCRT

Version: 0.3-1
Check: compiled code
Result: NOTE
    File 'iotools/libs/i386/iotools.dll':
     Found non-API calls to R: 'R_GetConnection', 'R_ReadConnection',
     'R_WriteConnection'
    File 'iotools/libs/x64/iotools.dll':
     Found non-API calls to R: 'R_GetConnection', 'R_ReadConnection',
     'R_WriteConnection'
    
    Compiled code should not call non-API entry points in R.
    
    See 'Writing portable packages' in the 'Writing R Extensions' manual.
Flavors: r-release-windows-ix86+x86_64, r-oldrel-windows-ix86+x86_64