CRAN Package Check Results for Package ipADMIXTURE

Last updated on 2021-10-21 22:50:38 CEST.

Flavor Version Tinstall Tcheck Ttotal Status Flags
r-devel-linux-x86_64-debian-clang 0.1.0 7.25 67.06 74.31 OK
r-devel-linux-x86_64-debian-gcc 0.1.0 4.92 51.20 56.12 OK
r-devel-linux-x86_64-fedora-clang 0.1.0 99.01 OK
r-devel-linux-x86_64-fedora-gcc 0.1.0 86.02 OK
r-devel-windows-x86_64 0.1.0 12.00 89.00 101.00 OK
r-devel-windows-x86_64-gcc10-UCRT 0.1.0 ERROR
r-patched-linux-x86_64 0.1.0 5.91 59.62 65.53 OK
r-patched-solaris-x86 0.1.0 124.00 OK
r-release-linux-x86_64 0.1.0 6.45 59.79 66.24 OK
r-release-macos-arm64 0.1.0 OK
r-release-macos-x86_64 0.1.0 OK
r-release-windows-ix86+x86_64 0.1.0 19.00 83.00 102.00 OK
r-oldrel-macos-x86_64 0.1.0 OK
r-oldrel-windows-ix86+x86_64 0.1.0 19.00 90.00 109.00 OK

Check Details

Version: 0.1.0
Check: package dependencies
Result: ERROR
    Package required but not available: 'treemap'
    
    See section 'The DESCRIPTION file' in the 'Writing R Extensions'
    manual.
Flavor: r-devel-windows-x86_64-gcc10-UCRT