Last updated on 2023-09-28 23:08:48 CEST.
Flavor | Version | Tinstall | Tcheck | Ttotal | Status | Flags |
---|---|---|---|---|---|---|
r-devel-linux-x86_64-debian-clang | 1.0.2 | 6.18 | 187.82 | 194.00 | NOTE | |
r-devel-linux-x86_64-debian-gcc | 1.0.2 | 4.90 | 138.60 | 143.50 | NOTE | |
r-devel-linux-x86_64-fedora-clang | 1.0.2 | 225.88 | NOTE | |||
r-devel-linux-x86_64-fedora-gcc | 1.0.2 | 238.13 | NOTE | |||
r-devel-windows-x86_64 | 1.0.2 | 8.00 | 140.00 | 148.00 | NOTE | |
r-patched-linux-x86_64 | 1.0.2 | 4.15 | 176.64 | 180.79 | NOTE | |
r-release-linux-x86_64 | 1.0.2 | 4.05 | 179.02 | 183.07 | NOTE | |
r-release-macos-arm64 | 1.0.2 | 79.00 | NOTE | |||
r-release-macos-x86_64 | 1.0.2 | 121.00 | NOTE | |||
r-release-windows-x86_64 | 1.0.2 | 9.00 | 195.00 | 204.00 | NOTE | |
r-oldrel-macos-arm64 | 1.0.2 | 57.00 | NOTE | |||
r-oldrel-macos-x86_64 | 1.0.2 | 146.00 | NOTE | |||
r-oldrel-windows-x86_64 | 1.0.2 | 10.00 | 198.00 | 208.00 | NOTE |
Version: 1.0.2
Check: LazyData
Result: NOTE
'LazyData' is specified without a 'data' directory
Flavors: r-devel-linux-x86_64-debian-clang, r-devel-linux-x86_64-debian-gcc, r-devel-linux-x86_64-fedora-clang, r-devel-linux-x86_64-fedora-gcc, r-devel-windows-x86_64, r-patched-linux-x86_64, r-release-linux-x86_64, r-release-macos-arm64, r-release-macos-x86_64, r-release-windows-x86_64, r-oldrel-macos-arm64, r-oldrel-macos-x86_64, r-oldrel-windows-x86_64