Last updated on 2024-04-23 22:55:25 CEST.
Flavor | Version | Tinstall | Tcheck | Ttotal | Status | Flags |
---|---|---|---|---|---|---|
r-devel-linux-x86_64-debian-clang | 1.0.2 | 6.88 | 167.44 | 174.32 | NOTE | |
r-devel-linux-x86_64-debian-gcc | 1.0.2 | 5.34 | 124.95 | 130.29 | NOTE | |
r-devel-linux-x86_64-fedora-clang | 1.0.2 | 212.13 | NOTE | |||
r-devel-linux-x86_64-fedora-gcc | 1.0.2 | 216.18 | NOTE | |||
r-prerel-macos-arm64 | 1.0.2 | 65.00 | NOTE | |||
r-prerel-windows-x86_64 | 1.0.2 | 7.00 | 123.00 | 130.00 | NOTE | |
r-patched-linux-x86_64 | 1.0.2 | 7.30 | 160.93 | 168.23 | NOTE | |
r-release-linux-x86_64 | 1.0.2 | 3.97 | 158.66 | 162.63 | NOTE | |
r-release-macos-arm64 | 1.0.2 | 79.00 | NOTE | |||
r-release-macos-x86_64 | 1.0.2 | 121.00 | NOTE | |||
r-release-windows-x86_64 | 1.0.2 | 9.00 | 167.00 | 176.00 | NOTE | |
r-oldrel-macos-arm64 | 1.0.2 | 57.00 | NOTE | |||
r-oldrel-windows-x86_64 | 1.0.2 | 9.00 | 170.00 | 179.00 | NOTE |
Version: 1.0.2
Check: LazyData
Result: NOTE
'LazyData' is specified without a 'data' directory
Flavors: r-devel-linux-x86_64-debian-clang, r-devel-linux-x86_64-debian-gcc, r-devel-linux-x86_64-fedora-clang, r-devel-linux-x86_64-fedora-gcc, r-prerel-macos-arm64, r-prerel-windows-x86_64, r-patched-linux-x86_64, r-release-linux-x86_64, r-release-macos-arm64, r-release-macos-x86_64, r-release-windows-x86_64, r-oldrel-macos-arm64, r-oldrel-windows-x86_64