Last updated on 2024-03-28 23:01:47 CET.
Flavor | Version | Tinstall | Tcheck | Ttotal | Status | Flags |
---|---|---|---|---|---|---|
r-devel-linux-x86_64-debian-clang | 0.7.3 | 104.52 | 104.98 | 209.50 | NOTE | |
r-devel-linux-x86_64-debian-gcc | 0.7.3 | 82.68 | 83.83 | 166.51 | NOTE | |
r-devel-linux-x86_64-fedora-clang | 0.7.3 | 279.36 | NOTE | |||
r-devel-linux-x86_64-fedora-gcc | 0.7.3 | 305.56 | NOTE | |||
r-devel-windows-x86_64 | 0.7.3 | 76.00 | 112.00 | 188.00 | NOTE | |
r-patched-linux-x86_64 | 0.7.3 | 108.00 | 110.05 | 218.05 | NOTE | |
r-release-linux-x86_64 | 0.7.3 | 110.67 | 105.42 | 216.09 | OK | |
r-release-macos-arm64 | 0.7.3 | 75.00 | NOTE | |||
r-release-macos-x86_64 | 0.7.3 | 110.00 | NOTE | |||
r-release-windows-x86_64 | 0.7.3 | 94.00 | 143.00 | 237.00 | OK | |
r-oldrel-macos-arm64 | 0.7.3 | 60.00 | NOTE | |||
r-oldrel-windows-x86_64 | 0.7.3 | 88.00 | 138.00 | 226.00 | OK |
Version: 0.7.3
Check: Rd metadata
Result: NOTE
Invalid package aliases in Rd file 'iprior_package.Rd':
‘iprior_package-package’
Flavors: r-devel-linux-x86_64-debian-clang, r-devel-linux-x86_64-debian-gcc, r-devel-linux-x86_64-fedora-clang, r-devel-linux-x86_64-fedora-gcc, r-devel-windows-x86_64, r-patched-linux-x86_64
Version: 0.7.3
Check: installed package size
Result: NOTE
installed size is 9.1Mb
sub-directories of 1Mb or more:
libs 7.8Mb
Flavors: r-release-macos-arm64, r-release-macos-x86_64, r-oldrel-macos-arm64
Version: 0.7.3
Check: package dependencies
Result: NOTE
Package suggested but not available for checking: ‘caret’
Flavor: r-release-macos-x86_64
Version: 0.7.3
Check: re-building of vignette outputs
Result: NOTE
Note: skipping ‘tecator.Rmd’ due to unavailable dependencies: 'caret'
Flavor: r-release-macos-x86_64