CRAN Package Check Results for Package irt

Last updated on 2021-11-29 22:59:14 CET.

Flavor Version Tinstall Tcheck Ttotal Status Flags
r-devel-linux-x86_64-debian-clang 0.2.5 161.23 161.13 322.36 OK
r-devel-linux-x86_64-debian-gcc 0.2.5 123.54 117.18 240.72 OK
r-devel-linux-x86_64-fedora-clang 0.2.5 475.11 NOTE
r-devel-linux-x86_64-fedora-gcc 0.2.5 433.36 OK
r-devel-windows-x86_64-new-UL 0.2.5 228.00 253.00 481.00 OK
r-devel-windows-x86_64-new-TK 0.2.5 OK
r-devel-windows-x86_64-old 0.2.5 210.00 161.00 371.00 OK
r-patched-linux-x86_64 0.2.5 150.48 151.63 302.11 OK
r-patched-solaris-x86 0.2.5 397.80 OK
r-release-linux-x86_64 0.2.5 150.02 152.35 302.37 OK
r-release-macos-arm64 0.2.5 NOTE
r-release-macos-x86_64 0.2.5 NOTE
r-release-windows-ix86+x86_64 0.2.5 389.00 219.00 608.00 OK
r-oldrel-macos-x86_64 0.2.5 NOTE
r-oldrel-windows-ix86+x86_64 0.2.5 297.00 202.00 499.00 OK

Check Details

Version: 0.2.5
Check: installed package size
Result: NOTE
     installed size is 9.9Mb
     sub-directories of 1Mb or more:
     libs 8.5Mb
Flavors: r-devel-linux-x86_64-fedora-clang, r-release-macos-arm64, r-release-macos-x86_64, r-oldrel-macos-x86_64