CRAN Package Check Results for Package irtrees

Last updated on 2022-01-24 22:56:30 CET.

Flavor Version Tinstall Tcheck Ttotal Status Flags
r-devel-linux-x86_64-debian-clang 1.0.0 5.77 312.62 318.39 OK
r-devel-linux-x86_64-debian-gcc 1.0.0 4.81 233.67 238.48 OK
r-devel-linux-x86_64-fedora-clang 1.0.0 385.73 OK
r-devel-linux-x86_64-fedora-gcc 1.0.0 364.27 OK
r-devel-windows-x86_64-new-UL 1.0.0 33.00 409.00 442.00 OK
r-devel-windows-x86_64-new-TK 1.0.0 WARN
r-patched-linux-x86_64 1.0.0 4.86 296.66 301.52 OK
r-release-linux-x86_64 1.0.0 4.35 296.98 301.33 OK
r-release-macos-arm64 1.0.0 OK
r-release-macos-x86_64 1.0.0 OK
r-release-windows-ix86+x86_64 1.0.0 15.00 416.00 431.00 OK
r-oldrel-macos-x86_64 1.0.0 WARN
r-oldrel-windows-ix86+x86_64 1.0.0 15.00 75.00 90.00 WARN

Check Details

Version: 1.0.0
Check: package dependencies
Result: NOTE
    Package suggested but not available for checking: 'lme4'
Flavor: r-devel-windows-x86_64-new-TK

Version: 1.0.0
Check: re-building of vignette outputs
Result: WARN
    Error(s) in re-building vignettes:
    --- re-building 'pretree_vignette.Rmd' using rmarkdown
    Loading required package: stats4
    Loading required package: lattice
    Quitting from lines 15-23 (pretree_vignette.Rmd)
    Error: processing vignette 'pretree_vignette.Rmd' failed with diagnostics:
    there is no package called 'lme4'
    --- failed re-building 'pretree_vignette.Rmd'
    
    SUMMARY: processing the following file failed:
     'pretree_vignette.Rmd'
    
    Error: Vignette re-building failed.
    Execution halted
Flavor: r-devel-windows-x86_64-new-TK

Version: 1.0.0
Check: for unstated dependencies in vignettes
Result: NOTE
    Warning: parse error in file '/Volumes/Builds/packages/high-sierra-x86_64/results/4.0/irtrees.Rcheck/irtrees/doc/pretree_vignette.R':
    71:15: unexpected '>'
    70: names(z)=c(' ',paste0('Y',1:4))
    71: flextable(z) |>
     ^
Flavor: r-oldrel-macos-x86_64

Version: 1.0.0
Check: re-building of vignette outputs
Result: WARN
    Error(s) in re-building vignettes:
    --- re-building ‘pretree_vignette.Rmd’ using rmarkdown
    Pandoc is required to build R Markdown vignettes but not available. Please make sure it is installed.
    Loading required package: stats4
    Loading required package: lattice
    Loading required package: Matrix
    
    Attaching package: 'lme4'
    
    The following object is masked from 'package:mirt':
    
     fixef
    
    Quitting from lines 128-137 (pretree_vignette.Rmd)
    Error: processing vignette 'pretree_vignette.Rmd' failed with diagnostics:
    <text>:9:15: unexpected '>'
    8: names(z)=c(' ',paste0('Y',1:4))
    9: flextable(z) |>
     ^
    --- failed re-building ‘pretree_vignette.Rmd’
    
    SUMMARY: processing the following file failed:
     ‘pretree_vignette.Rmd’
    
    Error: Vignette re-building failed.
    Execution halted
Flavor: r-oldrel-macos-x86_64

Version: 1.0.0
Check: for unstated dependencies in vignettes
Result: NOTE
    Warning: parse error in file 'd:/RCompile/CRANpkg/lib/4.0/irtrees/doc/pretree_vignette.R':
    /RCompile/CRANpkg/lib/4.0/irtrees/doc/pretree_vignette.R:71:15: unexpected '>'
    70: names(z)=c(' ',paste0('Y',1:4))
    71: flextable(z) |>
     ^
Flavor: r-oldrel-windows-ix86+x86_64

Version: 1.0.0
Check: re-building of vignette outputs
Result: WARN
    Error(s) in re-building vignettes:
    --- re-building 'pretree_vignette.Rmd' using rmarkdown
    Loading required package: stats4
    Loading required package: lattice
    Loading required package: Matrix
    
    Attaching package: 'lme4'
    
    The following object is masked from 'package:mirt':
    
     fixef
    
    Quitting from lines 128-137 (pretree_vignette.Rmd)
    Error: processing vignette 'pretree_vignette.Rmd' failed with diagnostics:
    <text>:9:15: unexpected '>'
    8: names(z)=c(' ',paste0('Y',1:4))
    9: flextable(z) |>
     ^
    --- failed re-building 'pretree_vignette.Rmd'
    
    SUMMARY: processing the following file failed:
     'pretree_vignette.Rmd'
    
    Error: Vignette re-building failed.
    Execution halted
Flavor: r-oldrel-windows-ix86+x86_64