CRAN Package Check Results for Package isa2

Last updated on 2020-01-18 22:48:35 CET.

Flavor Version Tinstall Tcheck Ttotal Status Flags
r-devel-linux-x86_64-debian-clang 0.3.5 4.76 36.18 40.94 OK
r-devel-linux-x86_64-debian-gcc 0.3.5 3.95 28.37 32.32 OK
r-devel-linux-x86_64-fedora-clang 0.3.5 53.76 NOTE
r-devel-linux-x86_64-fedora-gcc 0.3.5 48.28 OK
r-devel-windows-ix86+x86_64 0.3.5 14.00 58.00 72.00 OK
r-devel-windows-ix86+x86_64-gcc8 0.3.5 11.00 98.00 109.00 OK
r-patched-linux-x86_64 0.3.5 4.28 32.85 37.13 OK
r-patched-solaris-x86 0.3.5 67.00 OK
r-release-linux-x86_64 0.3.5 4.30 32.77 37.07 OK
r-release-windows-ix86+x86_64 0.3.5 15.00 55.00 70.00 OK
r-release-osx-x86_64 0.3.5 OK
r-oldrel-windows-ix86+x86_64 0.3.5 10.00 56.00 66.00 OK
r-oldrel-osx-x86_64 0.3.5 OK

Check Details

Version: 0.3.5
Check: package dependencies
Result: NOTE
    Suggests orphaned package: ‘biclust’
Flavor: r-devel-linux-x86_64-fedora-clang