Last updated on 2023-10-04 00:01:50 CEST.
Flavor | Version | Tinstall | Tcheck | Ttotal | Status | Flags |
---|---|---|---|---|---|---|
r-devel-linux-x86_64-debian-clang | 1.5.1 | 18.22 | 101.25 | 119.47 | NOTE | |
r-devel-linux-x86_64-debian-gcc | 1.5.1 | 14.68 | 78.31 | 92.99 | NOTE | |
r-devel-linux-x86_64-fedora-clang | 1.5.1 | 151.31 | NOTE | |||
r-devel-linux-x86_64-fedora-gcc | 1.5.1 | 145.73 | NOTE | |||
r-devel-windows-x86_64 | 1.5.1 | 21.00 | 96.00 | 117.00 | NOTE | |
r-patched-linux-x86_64 | 1.5.1 | 20.21 | 99.86 | 120.07 | OK | |
r-release-linux-x86_64 | 1.5.1 | 19.71 | 100.21 | 119.92 | OK | |
r-release-macos-arm64 | 1.5.1 | 44.00 | OK | |||
r-release-macos-x86_64 | 1.5.1 | 131.00 | OK | |||
r-release-windows-x86_64 | 1.5.1 | 24.00 | 117.00 | 141.00 | OK | |
r-oldrel-macos-arm64 | 1.5.1 | 47.00 | OK | |||
r-oldrel-macos-x86_64 | 1.5.1 | 60.00 | OK | |||
r-oldrel-windows-x86_64 | 1.5.1 | 23.00 | 116.00 | 139.00 | OK |
Version: 1.5.1
Check: Rd \usage sections
Result: NOTE
Objects in \usage without \alias in documentation object 'islasso-internal':
‘modelX’ ‘.checkinput’ ‘.startpoint’ ‘.islasso’
‘checkinput.islasso.path’ ‘startpoint.islasso.path’
‘islasso.path.fit.glm’ ‘islasso.path.fitter2’ ‘interpolate’ ‘makeHyp’
‘printHyp’ ‘cislasso’ ‘ci.fitted.islasso’
Functions with \usage entries need to have the appropriate \alias
entries, and all their arguments documented.
The \usage entries must correspond to syntactically valid R code.
See chapter ‘Writing R documentation files’ in the ‘Writing R
Extensions’ manual.
Flavors: r-devel-linux-x86_64-debian-clang, r-devel-linux-x86_64-debian-gcc, r-devel-linux-x86_64-fedora-clang, r-devel-linux-x86_64-fedora-gcc, r-devel-windows-x86_64