CRAN Package Check Results for Package isoband

Last updated on 2021-06-15 22:53:45 CEST.

Flavor Version Tinstall Tcheck Ttotal Status Flags
r-devel-linux-x86_64-debian-clang 0.2.4 38.94 47.76 86.70 NOTE
r-devel-linux-x86_64-debian-gcc 0.2.4 29.19 36.35 65.54 NOTE
r-devel-linux-x86_64-fedora-clang 0.2.4 128.68 NOTE
r-devel-linux-x86_64-fedora-gcc 0.2.4 122.52 NOTE
r-devel-windows-x86_64 0.2.4 48.00 76.00 124.00 NOTE
r-devel-windows-x86_64-gcc10-UCRT 0.2.4 ERROR
r-patched-linux-x86_64 0.2.4 40.16 44.65 84.81 NOTE
r-patched-solaris-x86 0.2.4 108.60 NOTE
r-release-linux-x86_64 0.2.4 40.55 45.50 86.05 NOTE
r-release-macos-arm64 0.2.4 ERROR
r-release-macos-x86_64 0.2.4 WARN
r-release-windows-ix86+x86_64 0.2.4 93.00 101.00 194.00 NOTE
r-oldrel-macos-x86_64 0.2.4 NOTE
r-oldrel-windows-ix86+x86_64 0.2.4 86.00 100.00 186.00 NOTE

Check Details

Version: 0.2.4
Check: LazyData
Result: NOTE
     'LazyData' is specified without a 'data' directory
Flavors: r-devel-linux-x86_64-debian-clang, r-devel-linux-x86_64-debian-gcc, r-devel-linux-x86_64-fedora-clang, r-devel-linux-x86_64-fedora-gcc, r-devel-windows-x86_64, r-devel-windows-x86_64-gcc10-UCRT, r-patched-linux-x86_64, r-patched-solaris-x86, r-release-linux-x86_64, r-release-macos-arm64, r-release-macos-x86_64, r-release-windows-ix86+x86_64

Version: 0.2.4
Check: installed package size
Result: NOTE
     installed size is 7.7Mb
     sub-directories of 1Mb or more:
     doc 1.1Mb
     libs 5.3Mb
Flavors: r-devel-linux-x86_64-fedora-clang, r-release-macos-arm64, r-release-macos-x86_64, r-release-windows-ix86+x86_64, r-oldrel-macos-x86_64, r-oldrel-windows-ix86+x86_64

Version: 0.2.4
Check: package dependencies
Result: NOTE
    Package suggested but not available for checking: 'sf'
Flavors: r-devel-windows-x86_64-gcc10-UCRT, r-release-macos-arm64

Version: 0.2.4
Check: examples
Result: ERROR
    Running examples in 'isoband-Ex.R' failed
    The error most likely occurred in:
    
    > ### Name: iso_to_sfg
    > ### Title: Convert isolines or isobands to sfg object
    > ### Aliases: iso_to_sfg
    >
    > ### ** Examples
    >
    > library(sf)
    Error in library(sf) : there is no package called 'sf'
    Execution halted
Flavors: r-devel-windows-x86_64-gcc10-UCRT, r-release-macos-arm64

Version: 0.2.4
Check: re-building of vignette outputs
Result: WARN
    Error(s) in re-building vignettes:
     ...
    --- re-building 'isoband1.Rmd' using rmarkdown
    --- finished re-building 'isoband1.Rmd'
    
    --- re-building 'isoband2.Rmd' using rmarkdown
    Quitting from lines 23-51 (isoband2.Rmd)
    Error: processing vignette 'isoband2.Rmd' failed with diagnostics:
    there is no package called 'sf'
    --- failed re-building 'isoband2.Rmd'
    
    --- re-building 'isoband3.Rmd' using rmarkdown
    --- finished re-building 'isoband3.Rmd'
    
    SUMMARY: processing the following file failed:
     'isoband2.Rmd'
    
    Error: Vignette re-building failed.
    Execution halted
Flavor: r-devel-windows-x86_64-gcc10-UCRT

Version: 0.2.4
Check: re-building of vignette outputs
Result: WARN
    Error(s) in re-building vignettes:
     ...
    --- re-building ‘isoband1.Rmd’ using rmarkdown
    Warning in engine$weave(file, quiet = quiet, encoding = enc) :
     Pandoc (>= 1.12.3) not available. Falling back to R Markdown v1.
    --- finished re-building ‘isoband1.Rmd’
    
    --- re-building ‘isoband2.Rmd’ using rmarkdown
    Warning in engine$weave(file, quiet = quiet, encoding = enc) :
     Pandoc (>= 1.12.3) not available. Falling back to R Markdown v1.
    Quitting from lines 23-51 (isoband2.Rmd)
    Error: processing vignette 'isoband2.Rmd' failed with diagnostics:
    there is no package called 'sf'
    --- failed re-building ‘isoband2.Rmd’
    
    --- re-building ‘isoband3.Rmd’ using rmarkdown
    Warning in engine$weave(file, quiet = quiet, encoding = enc) :
     Pandoc (>= 1.12.3) not available. Falling back to R Markdown v1.
    --- finished re-building ‘isoband3.Rmd’
    
    SUMMARY: processing the following file failed:
     ‘isoband2.Rmd’
    
    Error: Vignette re-building failed.
    Execution halted
Flavor: r-release-macos-arm64

Version: 0.2.4
Check: re-building of vignette outputs
Result: WARN
    Error(s) in re-building vignettes:
     ...
    --- re-building ‘isoband1.Rmd’ using rmarkdown
    Warning in engine$weave(file, quiet = quiet, encoding = enc) :
     Pandoc (>= 1.12.3) not available. Falling back to R Markdown v1.
    --- finished re-building ‘isoband1.Rmd’
    
    --- re-building ‘isoband2.Rmd’ using rmarkdown
    Warning in engine$weave(file, quiet = quiet, encoding = enc) :
     Pandoc (>= 1.12.3) not available. Falling back to R Markdown v1.
    Quitting from lines 23-51 (isoband2.Rmd)
    Error: processing vignette 'isoband2.Rmd' failed with diagnostics:
    package or namespace load failed for 'ggplot2' in loadNamespace(i, c(lib.loc, .libPaths()), versionCheck = vI[[i]]):
     there is no package called 'gtable'
    --- failed re-building ‘isoband2.Rmd’
    
    --- re-building ‘isoband3.Rmd’ using rmarkdown
    Warning in engine$weave(file, quiet = quiet, encoding = enc) :
     Pandoc (>= 1.12.3) not available. Falling back to R Markdown v1.
    --- finished re-building ‘isoband3.Rmd’
    
    SUMMARY: processing the following file failed:
     ‘isoband2.Rmd’
    
    Error: Vignette re-building failed.
    Execution halted
Flavor: r-release-macos-x86_64