CRAN Package Check Results for Package isocat

Last updated on 2021-05-11 22:49:51 CEST.

Flavor Version Tinstall Tcheck Ttotal Status Flags
r-devel-linux-x86_64-debian-clang 0.2.6 8.49 119.34 127.83 OK
r-devel-linux-x86_64-debian-gcc 0.2.6 7.20 91.30 98.50 OK
r-devel-linux-x86_64-fedora-clang 0.2.6 170.37 OK
r-devel-linux-x86_64-fedora-gcc 0.2.6 150.48 OK
r-devel-windows-ix86+x86_64 0.2.6 17.00 142.00 159.00 OK
r-devel-windows-x86_64-gcc10-UCRT 0.2.6 OK
r-patched-linux-x86_64 0.2.6 10.32 115.03 125.35 OK
r-patched-solaris-x86 0.2.6 201.30 OK
r-release-linux-x86_64 0.2.6 8.49 113.53 122.02 OK
r-release-macos-x86_64 0.2.6 OK
r-release-windows-ix86+x86_64 0.2.6 13.00 101.00 114.00 OK
r-oldrel-macos-x86_64 0.2.6 OK
r-oldrel-windows-ix86+x86_64 0.2.6 18.00 112.00 130.00 WARN

Check Details

Version: 0.2.6
Check: re-building of vignette outputs
Result: WARN
    Error(s) in re-building vignettes:
    --- re-building 'isocat.Rmd' using rmarkdown
    Quitting from lines 16-33 (isocat.Rmd)
    Error: processing vignette 'isocat.Rmd' failed with diagnostics:
    package 'lattice' 0.20.38 was found, but >= 0.20.41 is required by 'rasterVis'
    --- failed re-building 'isocat.Rmd'
    
    SUMMARY: processing the following file failed:
     'isocat.Rmd'
    
    Error: Vignette re-building failed.
    Execution halted
Flavor: r-oldrel-windows-ix86+x86_64