CRAN Package Check Results for Package isodistrreg

Last updated on 2021-07-31 22:53:34 CEST.

Flavor Version Tinstall Tcheck Ttotal Status Flags
r-devel-linux-x86_64-debian-clang 0.1.0 40.72 89.89 130.61 OK
r-devel-linux-x86_64-debian-gcc 0.1.0 27.92 69.21 97.13 OK
r-devel-linux-x86_64-fedora-clang 0.1.0 180.32 NOTE
r-devel-linux-x86_64-fedora-gcc 0.1.0 158.47 NOTE
r-devel-windows-x86_64 0.1.0 39.00 115.00 154.00 OK
r-devel-windows-x86_64-gcc10-UCRT 0.1.0 NOTE
r-patched-linux-x86_64 0.1.0 OK
r-patched-solaris-x86 0.1.0 197.30 NOTE
r-release-linux-x86_64 0.1.0 34.72 86.46 121.18 OK
r-release-macos-arm64 0.1.0 NOTE
r-release-macos-x86_64 0.1.0 NOTE
r-release-windows-ix86+x86_64 0.1.0 96.00 159.00 255.00 OK
r-oldrel-macos-x86_64 0.1.0 NOTE
r-oldrel-windows-ix86+x86_64 0.1.0 70.00 163.00 233.00 OK

Check Details

Version: 0.1.0
Check: dependencies in R code
Result: NOTE
    Namespace in Imports field not imported from: ‘Rcpp’
     All declared Imports should be used.
Flavors: r-devel-linux-x86_64-fedora-clang, r-devel-linux-x86_64-fedora-gcc, r-devel-windows-x86_64-gcc10-UCRT, r-patched-solaris-x86, r-release-macos-arm64, r-release-macos-x86_64, r-oldrel-macos-x86_64