Last updated on 2023-10-01 23:03:48 CEST.
Flavor | Version | Tinstall | Tcheck | Ttotal | Status | Flags |
---|---|---|---|---|---|---|
r-devel-linux-x86_64-debian-clang | 0.5.22 | 178.42 | 59.91 | 238.33 | OK | |
r-devel-linux-x86_64-debian-gcc | 0.5.22 | 134.50 | 41.48 | 175.98 | OK | |
r-devel-linux-x86_64-fedora-clang | 0.5.22 | 317.75 | OK | |||
r-devel-linux-x86_64-fedora-gcc | 0.5.22 | 384.66 | OK | |||
r-devel-windows-x86_64 | 0.5.22 | 96.00 | 98.00 | 194.00 | OK | |
r-patched-linux-x86_64 | 0.5.22 | 180.76 | 59.05 | 239.81 | OK | |
r-release-linux-x86_64 | 0.5.22 | 178.83 | 58.20 | 237.03 | OK | |
r-release-macos-arm64 | 0.5.22 | 78.00 | NOTE | |||
r-release-macos-x86_64 | 0.5.22 | 175.00 | NOTE | |||
r-release-windows-x86_64 | 0.5.22 | 112.00 | 110.00 | 222.00 | OK | |
r-oldrel-macos-arm64 | 0.5.22 | 70.00 | NOTE | |||
r-oldrel-macos-x86_64 | 0.5.22 | 100.00 | NOTE | |||
r-oldrel-windows-x86_64 | 0.5.22 | 129.00 | 103.00 | 232.00 | OK |
Version: 0.5.22
Check: installed package size
Result: NOTE
installed size is 13.7Mb
sub-directories of 1Mb or more:
doc 1.6Mb
libs 11.8Mb
Flavors: r-release-macos-arm64, r-release-macos-x86_64, r-oldrel-macos-arm64, r-oldrel-macos-x86_64