CRAN Package Check Results for Package issueReporter

Last updated on 2018-06-24 22:49:24 CEST.

Flavor Version Tinstall Tcheck Ttotal Status Flags
r-oldrel-osx-x86_64 0.1.0 ERROR

Check Details

Version: 0.1.0
Check: tests
Result: ERROR
     Running ‘test.R’ [1s/1s]
    Running the tests in ‘tests/test.R’ failed.
    Last 13 lines of output:
     > setwd(tempdir())
     >
     > testMD <- issuesData2md()
     >
     > # Use default data to generate PDF
     > issuesGenPDF(style = "tint",
     + RmdLocation = system.file("rmarkdown/templates/", "tint.Rmd",
     + package = "issueReporter"),
     + outputFile = tempfile(pattern="ir", fileext=".pdf"),
     + outputDir = tempdir(),
     + md = testMD,
     + setTitle = "Example Notes",
     + setAuthor = "Author Name")
     Error: pandoc version 1.12.3 or higher is required and was not found (see the help page ?rmarkdown::pandoc_available).
     Execution halted
Flavor: r-oldrel-osx-x86_64