CRAN Package Check Results for Package itraxR

Last updated on 2021-06-19 22:56:32 CEST.

Flavor Version Tinstall Tcheck Ttotal Status Flags
r-devel-linux-x86_64-debian-clang 1.2 9.84 77.84 87.68 OK
r-devel-linux-x86_64-debian-gcc 1.2 7.36 58.94 66.30 OK
r-devel-linux-x86_64-fedora-clang 1.2 112.87 NOTE
r-devel-linux-x86_64-fedora-gcc 1.2 100.27 NOTE
r-devel-windows-x86_64 1.2 16.00 105.00 121.00 OK
r-devel-windows-x86_64-gcc10-UCRT 1.2 NOTE
r-patched-linux-x86_64 1.2 5.73 74.16 79.89 OK
r-patched-solaris-x86 1.2 149.40 NOTE
r-release-linux-x86_64 1.2 10.69 73.66 84.35 OK
r-release-macos-arm64 1.2 NOTE
r-release-macos-x86_64 1.2 NOTE
r-release-windows-ix86+x86_64 1.2 21.00 101.00 122.00 OK
r-oldrel-macos-x86_64 1.2 NOTE
r-oldrel-windows-ix86+x86_64 1.2 15.00 79.00 94.00 OK

Check Details

Version: 1.2
Check: dependencies in R code
Result: NOTE
    Namespace in Imports field not imported from: ‘chemometrics’
     All declared Imports should be used.
Flavors: r-devel-linux-x86_64-fedora-clang, r-devel-linux-x86_64-fedora-gcc, r-devel-windows-x86_64-gcc10-UCRT, r-patched-solaris-x86, r-release-macos-arm64, r-release-macos-x86_64, r-oldrel-macos-x86_64