CRAN Package Check Results for Package ivmte

Last updated on 2019-07-19 22:48:55 CEST.

Flavor Version Tinstall Tcheck Ttotal Status Flags
r-devel-linux-x86_64-debian-clang 1.0.1 7.73 223.51 231.24 NOTE
r-devel-linux-x86_64-debian-gcc 1.0.1 7.10 163.74 170.84 NOTE
r-devel-linux-x86_64-fedora-clang 1.0.1 250.51 NOTE
r-devel-linux-x86_64-fedora-gcc 1.0.1 258.61 NOTE
r-devel-windows-ix86+x86_64 1.0.1 18.00 238.00 256.00 NOTE
r-patched-linux-x86_64 1.0.1 7.55 225.61 233.16 NOTE
r-patched-solaris-x86 1.0.1 322.50 NOTE
r-release-linux-x86_64 1.0.1 7.29 224.95 232.24 NOTE
r-release-windows-ix86+x86_64 1.0.1 13.00 236.00 249.00 NOTE
r-release-osx-x86_64 1.0.1 NOTE
r-oldrel-windows-ix86+x86_64 1.0.1 9.00 315.00 324.00 NOTE
r-oldrel-osx-x86_64 1.0.1 NOTE

Check Details

Version: 1.0.1
Check: package dependencies
Result: NOTE
    Package suggested but not available for checking: 'gurobi'
Flavors: r-devel-linux-x86_64-debian-clang, r-devel-linux-x86_64-debian-gcc, r-patched-linux-x86_64, r-release-linux-x86_64

Version: 1.0.1
Check: package dependencies
Result: NOTE
    Packages suggested but not available for checking:
     'gurobi', 'Rcplex', 'cplexAPI'
Flavors: r-devel-linux-x86_64-fedora-clang, r-devel-linux-x86_64-fedora-gcc, r-devel-windows-ix86+x86_64, r-patched-solaris-x86, r-release-windows-ix86+x86_64, r-release-osx-x86_64

Version: 1.0.1
Check: package dependencies
Result: NOTE
    Packages suggested but not available for checking:
     'gurobi' 'Rcplex' 'cplexAPI'
Flavors: r-oldrel-windows-ix86+x86_64, r-oldrel-osx-x86_64