CRAN Package Check Results for Package ivmte

Last updated on 2021-06-18 22:54:31 CEST.

Flavor Version Tinstall Tcheck Ttotal Status Flags
r-devel-linux-x86_64-debian-clang 1.2.0 12.39 89.46 101.85 NOTE --no-vignettes
r-devel-linux-x86_64-debian-gcc 1.2.0 11.54 65.52 77.06 NOTE --no-vignettes
r-devel-linux-x86_64-fedora-clang 1.2.0 128.25 NOTE --no-vignettes
r-devel-linux-x86_64-fedora-gcc 1.2.0 118.78 NOTE --no-vignettes
r-devel-windows-x86_64 1.2.0 21.00 97.00 118.00 NOTE --no-vignettes
r-devel-windows-x86_64-gcc10-UCRT 1.2.0 NOTE
r-patched-linux-x86_64 1.2.0 14.78 83.52 98.30 NOTE --no-vignettes
r-patched-solaris-x86 1.2.0 146.80 NOTE --no-vignettes
r-release-linux-x86_64 1.2.0 12.48 84.12 96.60 NOTE --no-vignettes
r-release-macos-arm64 1.2.0 NOTE
r-release-macos-x86_64 1.2.0 NOTE
r-release-windows-ix86+x86_64 1.2.0 22.00 75.00 97.00 NOTE --no-vignettes
r-oldrel-macos-x86_64 1.2.0 NOTE
r-oldrel-windows-ix86+x86_64 1.2.0 18.00 108.00 126.00 NOTE --no-vignettes

Check Details

Version: 1.2.0
Flags: --no-vignettes
Check: package dependencies
Result: NOTE
    Package suggested but not available for checking: 'gurobi'
Flavors: r-devel-linux-x86_64-debian-clang, r-devel-linux-x86_64-debian-gcc, r-patched-linux-x86_64, r-release-linux-x86_64

Version: 1.2.0
Flags: --no-vignettes
Check: package dependencies
Result: NOTE
    Packages suggested but not available for checking: 'gurobi', 'cplexAPI'
Flavors: r-devel-linux-x86_64-fedora-clang, r-devel-linux-x86_64-fedora-gcc, r-devel-windows-x86_64, r-patched-solaris-x86, r-release-windows-ix86+x86_64, r-oldrel-windows-ix86+x86_64

Version: 1.2.0
Check: package dependencies
Result: NOTE
    Packages suggested but not available for checking: 'gurobi', 'cplexAPI'
Flavors: r-devel-windows-x86_64-gcc10-UCRT, r-release-macos-arm64, r-release-macos-x86_64, r-oldrel-macos-x86_64