CRAN Package Check Results for Package ivmte

Last updated on 2019-11-18 22:47:13 CET.

Flavor Version Tinstall Tcheck Ttotal Status Flags
r-devel-linux-x86_64-debian-clang 1.0.1 10.25 236.81 247.06 NOTE
r-devel-linux-x86_64-debian-gcc 1.0.1 7.31 174.89 182.20 NOTE
r-devel-linux-x86_64-fedora-clang 1.0.1 257.21 NOTE
r-devel-linux-x86_64-fedora-gcc 1.0.1 259.89 NOTE
r-devel-windows-ix86+x86_64 1.0.1 19.00 300.00 319.00 NOTE
r-patched-linux-x86_64 1.0.1 6.92 222.92 229.84 NOTE
r-patched-solaris-x86 1.0.1 304.70 NOTE
r-release-linux-x86_64 1.0.1 9.63 223.03 232.66 NOTE
r-release-windows-ix86+x86_64 1.0.1 14.00 297.00 311.00 NOTE
r-release-osx-x86_64 1.0.1 NOTE
r-oldrel-windows-ix86+x86_64 1.0.1 14.00 318.00 332.00 NOTE
r-oldrel-osx-x86_64 1.0.1 NOTE

Check Details

Version: 1.0.1
Check: package dependencies
Result: NOTE
    Package suggested but not available for checking: 'gurobi'
Flavors: r-devel-linux-x86_64-debian-clang, r-devel-linux-x86_64-debian-gcc, r-patched-linux-x86_64, r-release-linux-x86_64

Version: 1.0.1
Check: package dependencies
Result: NOTE
    Packages suggested but not available for checking:
     'gurobi', 'Rcplex', 'cplexAPI'
Flavors: r-devel-linux-x86_64-fedora-clang, r-devel-linux-x86_64-fedora-gcc, r-devel-windows-ix86+x86_64, r-patched-solaris-x86, r-release-windows-ix86+x86_64, r-release-osx-x86_64

Version: 1.0.1
Check: package dependencies
Result: NOTE
    Packages suggested but not available for checking:
     'gurobi' 'Rcplex' 'cplexAPI'
Flavors: r-oldrel-windows-ix86+x86_64, r-oldrel-osx-x86_64