CRAN Package Check Results for Package ivpanel

Last updated on 2021-07-31 22:53:34 CEST.

Flavor Version Tinstall Tcheck Ttotal Status Flags
r-devel-linux-x86_64-debian-clang 1.0 2.21 23.14 25.35 NOTE
r-devel-linux-x86_64-debian-gcc 1.0 1.59 18.45 20.04 NOTE
r-devel-linux-x86_64-fedora-clang 1.0 41.72 NOTE
r-devel-linux-x86_64-fedora-gcc 1.0 29.21 NOTE
r-devel-windows-x86_64 1.0 4.00 38.00 42.00 NOTE
r-devel-windows-x86_64-gcc10-UCRT 1.0 NOTE
r-patched-linux-x86_64 1.0 NOTE
r-patched-solaris-x86 1.0 45.30 NOTE
r-release-linux-x86_64 1.0 1.56 22.56 24.12 NOTE
r-release-macos-arm64 1.0 NOTE
r-release-macos-x86_64 1.0 NOTE
r-release-windows-ix86+x86_64 1.0 5.00 28.00 33.00 NOTE
r-oldrel-macos-x86_64 1.0 NOTE
r-oldrel-windows-ix86+x86_64 1.0 4.00 28.00 32.00 NOTE

Check Details

Version: 1.0
Check: R code for possible problems
Result: NOTE
    hausman: no visible global function definition for 'pchisq'
    ivbe: no visible global function definition for 'cor'
    ivbe: no visible global function definition for 'pt'
    ivfixed: no visible global function definition for 'cor'
    ivfixed: no visible global function definition for 'pt'
    ivpan.formula: no visible global function definition for 'model.matrix'
    ivpan.formula: no visible global function definition for
     'model.response'
    ivrandom: no visible global function definition for 'cor'
    ivrandom: no visible global function definition for 'pt'
    summary.ivpan: no visible global function definition for 'printCoefmat'
    Undefined global functions or variables:
     cor model.matrix model.response pchisq printCoefmat pt
    Consider adding
     importFrom("stats", "cor", "model.matrix", "model.response", "pchisq",
     "printCoefmat", "pt")
    to your NAMESPACE file.
Flavors: r-devel-linux-x86_64-debian-clang, r-devel-linux-x86_64-debian-gcc, r-devel-linux-x86_64-fedora-clang, r-devel-linux-x86_64-fedora-gcc, r-devel-windows-x86_64, r-devel-windows-x86_64-gcc10-UCRT, r-patched-linux-x86_64, r-patched-solaris-x86, r-release-linux-x86_64, r-release-macos-arm64, r-release-macos-x86_64, r-release-windows-ix86+x86_64, r-oldrel-macos-x86_64, r-oldrel-windows-ix86+x86_64