Last updated on 2022-05-19 22:54:12 CEST.
Flavor | Version | Tinstall | Tcheck | Ttotal | Status | Flags |
---|---|---|---|---|---|---|
r-devel-linux-x86_64-debian-clang | 0.6-1 | 4.48 | 83.16 | 87.64 | OK | |
r-devel-linux-x86_64-debian-gcc | 0.6-1 | 3.99 | 62.26 | 66.25 | OK | |
r-devel-linux-x86_64-fedora-clang | 0.6-1 | 106.60 | NOTE | |||
r-devel-linux-x86_64-fedora-gcc | 0.6-1 | 104.48 | OK | |||
r-devel-windows-x86_64 | 0.6-1 | 18.00 | 111.00 | 129.00 | NOTE | |
r-patched-linux-x86_64 | 0.6-1 | 9.54 | 79.52 | 89.06 | OK | |
r-release-linux-x86_64 | 0.6-1 | 4.29 | 80.07 | 84.36 | OK | |
r-release-macos-arm64 | 0.6-1 | 34.00 | NOTE | |||
r-release-macos-x86_64 | 0.6-1 | 58.00 | NOTE | |||
r-release-windows-x86_64 | 0.6-1 | 21.00 | 107.00 | 128.00 | NOTE | |
r-oldrel-macos-arm64 | 0.6-1 | 42.00 | NOTE | |||
r-oldrel-macos-x86_64 | 0.6-1 | 55.00 | NOTE | |||
r-oldrel-windows-ix86+x86_64 | 0.6-1 | 12.00 | 107.00 | 119.00 | NOTE |
Version: 0.6-1
Check: installed package size
Result: NOTE
installed size is 5.7Mb
sub-directories of 1Mb or more:
doc 5.4Mb
Flavors: r-devel-linux-x86_64-fedora-clang, r-devel-windows-x86_64, r-release-macos-arm64, r-release-macos-x86_64, r-release-windows-x86_64, r-oldrel-macos-arm64, r-oldrel-macos-x86_64, r-oldrel-windows-ix86+x86_64