Last updated on 2024-04-23 22:55:25 CEST.
Flavor | Version | Tinstall | Tcheck | Ttotal | Status | Flags |
---|---|---|---|---|---|---|
r-devel-linux-x86_64-debian-clang | 2.1.0 | 41.09 | 32.44 | 73.53 | NOTE | |
r-devel-linux-x86_64-debian-gcc | 2.1.0 | 29.03 | 24.90 | 53.93 | NOTE | |
r-devel-linux-x86_64-fedora-clang | 2.1.0 | 109.31 | NOTE | |||
r-devel-linux-x86_64-fedora-gcc | 2.1.0 | 105.24 | NOTE | |||
r-prerel-macos-arm64 | 2.1.0 | 29.00 | NOTE | |||
r-prerel-windows-x86_64 | 2.1.0 | 33.00 | 63.00 | 96.00 | NOTE | |
r-patched-linux-x86_64 | 2.1.0 | 40.20 | 31.26 | 71.46 | NOTE | |
r-release-linux-x86_64 | 2.1.0 | 44.54 | 31.30 | 75.84 | NOTE | |
r-release-macos-arm64 | 2.1.0 | 28.00 | NOTE | |||
r-release-macos-x86_64 | 2.1.0 | 42.00 | NOTE | |||
r-release-windows-x86_64 | 2.1.0 | 42.00 | 74.00 | 116.00 | NOTE | |
r-oldrel-macos-arm64 | 2.1.0 | 30.00 | OK | |||
r-oldrel-windows-x86_64 | 2.1.0 | 41.00 | 74.00 | 115.00 | OK |
Version: 2.1.0
Check: C++ specification
Result: NOTE
Specified C++11: please drop specification unless essential
Flavors: r-devel-linux-x86_64-debian-clang, r-devel-linux-x86_64-debian-gcc, r-devel-linux-x86_64-fedora-clang, r-devel-linux-x86_64-fedora-gcc, r-prerel-macos-arm64, r-prerel-windows-x86_64, r-patched-linux-x86_64, r-release-linux-x86_64, r-release-macos-arm64, r-release-macos-x86_64, r-release-windows-x86_64