CRAN Package Check Results for Package ivx

Last updated on 2024-06-19 22:54:42 CEST.

Flavor Version Tinstall Tcheck Ttotal Status Flags
r-devel-linux-x86_64-debian-clang 1.1.0 48.57 55.34 103.91 NOTE
r-devel-linux-x86_64-debian-gcc 1.1.0 33.75 42.27 76.02 NOTE
r-devel-linux-x86_64-fedora-clang 1.1.0 133.94 NOTE
r-devel-linux-x86_64-fedora-gcc 1.1.0 141.01 NOTE
r-devel-windows-x86_64 1.1.0 36.00 79.00 115.00 NOTE
r-patched-linux-x86_64 1.1.0 41.68 54.63 96.31 NOTE
r-release-linux-x86_64 1.1.0 42.91 54.20 97.11 NOTE
r-release-macos-arm64 1.1.0 37.00 NOTE
r-release-macos-x86_64 1.1.0 47.00 NOTE
r-release-windows-x86_64 1.1.0 37.00 82.00 119.00 NOTE
r-oldrel-macos-arm64 1.1.0 36.00 NOTE
r-oldrel-macos-x86_64 1.1.0 56.00 NOTE
r-oldrel-windows-x86_64 1.1.0 45.00 94.00 139.00 NOTE

Check Details

Version: 1.1.0
Check: C++ specification
Result: NOTE Specified C++11: please drop specification unless essential Flavors: r-devel-linux-x86_64-debian-clang, r-devel-linux-x86_64-debian-gcc, r-devel-linux-x86_64-fedora-clang, r-devel-linux-x86_64-fedora-gcc, r-devel-windows-x86_64, r-patched-linux-x86_64, r-release-linux-x86_64, r-release-macos-arm64, r-release-macos-x86_64, r-release-windows-x86_64, r-oldrel-macos-arm64, r-oldrel-macos-x86_64, r-oldrel-windows-x86_64