CRAN Package Check Results for Package ivx

Last updated on 2023-09-23 23:00:49 CEST.

Flavor Version Tinstall Tcheck Ttotal Status Flags
r-devel-linux-x86_64-debian-clang 1.1.0 47.55 55.70 103.25 NOTE
r-devel-linux-x86_64-debian-gcc 1.1.0 32.95 43.01 75.96 NOTE
r-devel-linux-x86_64-fedora-clang 1.1.0 134.29 NOTE
r-devel-linux-x86_64-fedora-gcc 1.1.0 138.84 NOTE
r-devel-windows-x86_64 1.1.0 36.00 82.00 118.00 NOTE
r-patched-linux-x86_64 1.1.0 42.90 53.31 96.21 NOTE
r-release-linux-x86_64 1.1.0 42.52 54.59 97.11 NOTE
r-release-macos-arm64 1.1.0 36.00 NOTE
r-release-macos-x86_64 1.1.0 56.00 NOTE
r-release-windows-x86_64 1.1.0 45.00 95.00 140.00 NOTE
r-oldrel-macos-arm64 1.1.0 39.00 OK
r-oldrel-macos-x86_64 1.1.0 50.00 OK
r-oldrel-windows-x86_64 1.1.0 43.00 87.00 130.00 OK

Check Details

Version: 1.1.0
Check: C++ specification
Result: NOTE
     Specified C++11: please drop specification unless essential
Flavors: r-devel-linux-x86_64-debian-clang, r-devel-linux-x86_64-debian-gcc, r-devel-linux-x86_64-fedora-clang, r-devel-linux-x86_64-fedora-gcc, r-devel-windows-x86_64, r-patched-linux-x86_64, r-release-linux-x86_64, r-release-macos-arm64, r-release-macos-x86_64, r-release-windows-x86_64