CRAN Package Check Results for Package jSDM

Last updated on 2022-01-17 22:54:41 CET.

Flavor Version Tinstall Tcheck Ttotal Status Flags
r-devel-linux-x86_64-debian-clang 0.1.0 56.36 90.78 147.14 OK
r-devel-linux-x86_64-debian-gcc 0.1.0 42.42 67.96 110.38 OK
r-devel-linux-x86_64-fedora-clang 0.1.0 205.36 NOTE
r-devel-linux-x86_64-fedora-gcc 0.1.0 180.94 NOTE
r-devel-windows-x86_64-new-UL 0.1.0 77.00 147.00 224.00 OK
r-devel-windows-x86_64-new-TK 0.1.0 OK
r-patched-linux-x86_64 0.1.0 56.16 86.44 142.60 OK
r-release-linux-x86_64 0.1.0 OK
r-release-macos-arm64 0.1.0 NOTE
r-release-macos-x86_64 0.1.0 NOTE
r-release-windows-ix86+x86_64 0.1.0 150.00 171.00 321.00 OK
r-oldrel-macos-x86_64 0.1.0 NOTE
r-oldrel-windows-ix86+x86_64 0.1.0 152.00 175.00 327.00 OK

Check Details

Version: 0.1.0
Check: top-level files
Result: NOTE
    ‘cleanup’: /bin/bash is not portable
Flavors: r-devel-linux-x86_64-fedora-clang, r-devel-linux-x86_64-fedora-gcc

Version: 0.1.0
Check: package dependencies
Result: NOTE
    Package suggested but not available for checking: ‘boral’
Flavor: r-release-macos-arm64

Version: 0.1.0
Check: installed package size
Result: NOTE
     installed size is 6.4Mb
     sub-directories of 1Mb or more:
     doc 1.5Mb
     libs 4.6Mb
Flavors: r-release-macos-arm64, r-release-macos-x86_64, r-oldrel-macos-x86_64