CRAN Package Check Results for Package jSDM

Last updated on 2021-05-16 22:49:54 CEST.

Flavor Version Tinstall Tcheck Ttotal Status Flags
r-devel-linux-x86_64-debian-clang 0.1.0 62.83 83.94 146.77 OK
r-devel-linux-x86_64-debian-gcc 0.1.0 43.58 63.33 106.91 OK
r-devel-linux-x86_64-fedora-clang 0.1.0 200.17 NOTE
r-devel-linux-x86_64-fedora-gcc 0.1.0 185.37 NOTE
r-devel-windows-ix86+x86_64 0.1.0 149.00 172.00 321.00 OK
r-devel-windows-x86_64-gcc10-UCRT 0.1.0 OK
r-patched-linux-x86_64 0.1.0 50.03 80.69 130.72 OK
r-patched-solaris-x86 0.1.0 229.80 OK
r-release-linux-x86_64 0.1.0 48.18 79.69 127.87 OK
r-release-macos-x86_64 0.1.0 NOTE
r-release-windows-ix86+x86_64 0.1.0 106.00 130.00 236.00 OK
r-oldrel-macos-x86_64 0.1.0 NOTE
r-oldrel-windows-ix86+x86_64 0.1.0 96.00 181.00 277.00 OK

Check Details

Version: 0.1.0
Check: top-level files
Result: NOTE
    ‘cleanup’: /bin/bash is not portable
Flavors: r-devel-linux-x86_64-fedora-clang, r-devel-linux-x86_64-fedora-gcc

Version: 0.1.0
Check: installed package size
Result: NOTE
     installed size is 6.0Mb
     sub-directories of 1Mb or more:
     doc 1.5Mb
     libs 4.2Mb
Flavors: r-release-macos-x86_64, r-oldrel-macos-x86_64