CRAN Package Check Results for Package jSDM

Last updated on 2019-09-18 22:52:40 CEST.

Flavor Version Tinstall Tcheck Ttotal Status Flags
r-devel-linux-x86_64-debian-clang 0.1.0 51.73 77.86 129.59 OK
r-devel-linux-x86_64-debian-gcc 0.1.0 38.99 57.99 96.98 OK
r-devel-linux-x86_64-fedora-clang 0.1.0 173.44 OK
r-devel-linux-x86_64-fedora-gcc 0.1.0 167.71 OK
r-devel-windows-ix86+x86_64 0.1.0 138.00 175.00 313.00 OK
r-patched-linux-x86_64 0.1.0 42.43 75.29 117.72 OK
r-patched-solaris-x86 0.1.0 213.00 OK
r-release-linux-x86_64 0.1.0 45.74 75.52 121.26 OK
r-release-windows-ix86+x86_64 0.1.0 90.00 144.00 234.00 OK
r-release-osx-x86_64 0.1.0 NOTE
r-oldrel-windows-ix86+x86_64 0.1.0 95.00 134.00 229.00 OK
r-oldrel-osx-x86_64 0.1.0 NOTE

Check Details

Version: 0.1.0
Check: installed package size
Result: NOTE
     installed size is 5.5Mb
     sub-directories of 1Mb or more:
     doc 1.5Mb
     libs 3.7Mb
Flavors: r-release-osx-x86_64, r-oldrel-osx-x86_64