CRAN Package Check Results for Package jSDM

Last updated on 2020-02-24 22:50:27 CET.

Flavor Version Tinstall Tcheck Ttotal Status Flags
r-devel-linux-x86_64-debian-clang 0.1.0 55.94 82.82 138.76 OK
r-devel-linux-x86_64-debian-gcc 0.1.0 39.96 60.94 100.90 OK
r-devel-linux-x86_64-fedora-clang 0.1.0 181.85 NOTE
r-devel-linux-x86_64-fedora-gcc 0.1.0 173.26 NOTE
r-devel-windows-ix86+x86_64 0.1.0 98.00 152.00 250.00 OK
r-devel-windows-ix86+x86_64-gcc8 0.1.0 161.00 200.00 361.00 OK
r-patched-linux-x86_64 0.1.0 49.73 77.07 126.80 OK
r-patched-solaris-x86 0.1.0 208.10 OK
r-release-linux-x86_64 0.1.0 49.07 76.07 125.14 OK
r-release-windows-ix86+x86_64 0.1.0 101.00 131.00 232.00 OK
r-release-osx-x86_64 0.1.0 NOTE
r-oldrel-windows-ix86+x86_64 0.1.0 112.00 150.00 262.00 OK
r-oldrel-osx-x86_64 0.1.0 NOTE

Check Details

Version: 0.1.0
Check: top-level files
Result: NOTE
    ‘cleanup’: /bin/bash is not portable
Flavors: r-devel-linux-x86_64-fedora-clang, r-devel-linux-x86_64-fedora-gcc

Version: 0.1.0
Check: installed package size
Result: NOTE
     installed size is 5.5Mb
     sub-directories of 1Mb or more:
     doc 1.5Mb
     libs 3.7Mb
Flavors: r-release-osx-x86_64, r-oldrel-osx-x86_64