CRAN Package Check Results for Package jack

Last updated on 2021-07-31 22:53:34 CEST.

Flavor Version Tinstall Tcheck Ttotal Status Flags
r-devel-linux-x86_64-debian-clang 1.1.1 12.32 114.76 127.08 NOTE
r-devel-linux-x86_64-debian-gcc 1.1.1 10.22 85.66 95.88 NOTE
r-devel-linux-x86_64-fedora-clang 1.1.1 163.41 NOTE
r-devel-linux-x86_64-fedora-gcc 1.1.1 147.71 NOTE
r-devel-windows-x86_64 1.1.1 26.00 145.00 171.00 NOTE
r-devel-windows-x86_64-gcc10-UCRT 1.1.1 NOTE
r-patched-linux-x86_64 1.1.1 NOTE
r-patched-solaris-x86 1.1.1 216.60 NOTE
r-release-linux-x86_64 1.1.1 12.16 107.33 119.49 NOTE
r-release-macos-arm64 1.1.1 NOTE
r-release-macos-x86_64 1.1.1 NOTE
r-release-windows-ix86+x86_64 1.1.1 33.00 104.00 137.00 NOTE
r-oldrel-macos-x86_64 1.1.1 OK
r-oldrel-windows-ix86+x86_64 1.1.1 31.00 138.00 169.00 OK

Check Details

Version: 1.1.1
Check: LazyData
Result: NOTE
     'LazyData' is specified without a 'data' directory
Flavors: r-devel-linux-x86_64-debian-clang, r-devel-linux-x86_64-debian-gcc, r-devel-linux-x86_64-fedora-clang, r-devel-linux-x86_64-fedora-gcc, r-devel-windows-x86_64, r-devel-windows-x86_64-gcc10-UCRT, r-patched-linux-x86_64, r-patched-solaris-x86, r-release-linux-x86_64, r-release-macos-arm64, r-release-macos-x86_64, r-release-windows-ix86+x86_64