CRAN Package Check Results for Package jackalope

Last updated on 2024-06-13 22:49:31 CEST.

Flavor Version Tinstall Tcheck Ttotal Status Flags
r-devel-linux-x86_64-debian-clang 1.1.5 350.52 62.47 412.99 NOTE
r-devel-linux-x86_64-debian-gcc 1.1.5 237.84 41.03 278.87 ERROR
r-devel-linux-x86_64-fedora-clang 1.1.5 590.56 NOTE
r-devel-linux-x86_64-fedora-gcc 1.1.5 637.35 NOTE
r-devel-windows-x86_64 1.1.5 275.00 171.00 446.00 NOTE
r-patched-linux-x86_64 1.1.5 292.82 59.12 351.94 NOTE
r-release-linux-x86_64 1.1.5 291.29 61.04 352.33 NOTE
r-release-macos-arm64 1.1.5 109.00 NOTE
r-release-macos-x86_64 1.1.5 103.00 NOTE
r-release-windows-x86_64 1.1.5 279.00 159.00 438.00 NOTE
r-oldrel-macos-arm64 1.1.5 116.00 NOTE
r-oldrel-macos-x86_64 1.1.5 150.00 NOTE
r-oldrel-windows-x86_64 1.1.5 328.00 198.00 526.00 NOTE

Check Details

Version: 1.1.5
Check: for GNU extensions in Makefiles
Result: NOTE GNU make is a SystemRequirements. Flavors: r-devel-linux-x86_64-debian-clang, r-devel-linux-x86_64-debian-gcc, r-devel-linux-x86_64-fedora-clang, r-devel-linux-x86_64-fedora-gcc, r-devel-windows-x86_64, r-patched-linux-x86_64, r-release-linux-x86_64, r-release-macos-arm64, r-release-macos-x86_64, r-release-windows-x86_64, r-oldrel-macos-arm64, r-oldrel-macos-x86_64, r-oldrel-windows-x86_64

Version: 1.1.5
Check: package dependencies
Result: NOTE Package suggested but not available for checking: ‘testthat’ Flavor: r-devel-linux-x86_64-debian-gcc

Version: 1.1.5
Check: tests
Result: ERROR Running ‘testthat.R’ [0s/1s] Running the tests in ‘tests/testthat.R’ failed. Complete output: > library(testthat) Error in library(testthat) : there is no package called 'testthat' Execution halted Flavor: r-devel-linux-x86_64-debian-gcc

Version: 1.1.5
Check: installed package size
Result: NOTE installed size is 14.0Mb sub-directories of 1Mb or more: art_profiles 1.5Mb libs 11.7Mb Flavors: r-devel-windows-x86_64, r-release-macos-arm64, r-release-macos-x86_64, r-release-windows-x86_64, r-oldrel-macos-arm64, r-oldrel-macos-x86_64, r-oldrel-windows-x86_64