CRAN Package Check Results for Package jackstrap

Last updated on 2023-09-28 23:08:49 CEST.

Flavor Version Tinstall Tcheck Ttotal Status Flags
r-devel-linux-x86_64-debian-clang 0.1.0 7.53 60.65 68.18 OK
r-devel-linux-x86_64-debian-gcc 0.1.0 5.71 45.08 50.79 OK
r-devel-linux-x86_64-fedora-clang 0.1.0 80.68 NOTE
r-devel-linux-x86_64-fedora-gcc 0.1.0 91.63 NOTE
r-devel-windows-x86_64 0.1.0 8.00 66.00 74.00 OK
r-patched-linux-x86_64 0.1.0 4.46 56.43 60.89 OK
r-release-linux-x86_64 0.1.0 4.61 57.16 61.77 OK
r-release-macos-arm64 0.1.0 30.00 OK
r-release-macos-x86_64 0.1.0 47.00 OK
r-release-windows-x86_64 0.1.0 11.00 75.00 86.00 OK
r-oldrel-macos-arm64 0.1.0 28.00 NOTE
r-oldrel-macos-x86_64 0.1.0 51.00 NOTE
r-oldrel-windows-x86_64 0.1.0 11.00 82.00 93.00 OK

Additional issues

donttest

Check Details

Version: 0.1.0
Check: dependencies in R code
Result: NOTE
    Namespaces in Imports field not imported from:
     ‘fBasics’ ‘reshape’ ‘tidyr’ ‘utils’
     All declared Imports should be used.
Flavors: r-devel-linux-x86_64-fedora-clang, r-devel-linux-x86_64-fedora-gcc, r-oldrel-macos-arm64, r-oldrel-macos-x86_64

Version: 0.1.0
Check: data for non-ASCII characters
Result: NOTE
     Note: found 2261 marked UTF-8 strings
Flavors: r-devel-linux-x86_64-fedora-clang, r-devel-linux-x86_64-fedora-gcc, r-oldrel-macos-arm64, r-oldrel-macos-x86_64