Last updated on 2023-10-01 23:03:48 CEST.
Flavor | Version | Tinstall | Tcheck | Ttotal | Status | Flags |
---|---|---|---|---|---|---|
r-devel-linux-x86_64-debian-clang | 0.1.0 | 4.97 | 46.05 | 51.02 | OK | |
r-devel-linux-x86_64-debian-gcc | 0.1.0 | 3.44 | 35.05 | 38.49 | OK | |
r-devel-linux-x86_64-fedora-clang | 0.1.0 | 65.30 | NOTE | |||
r-devel-linux-x86_64-fedora-gcc | 0.1.0 | 63.17 | NOTE | |||
r-devel-windows-x86_64 | 0.1.0 | 6.00 | 60.00 | 66.00 | OK | |
r-patched-linux-x86_64 | 0.1.0 | 3.06 | 43.75 | 46.81 | OK | |
r-release-linux-x86_64 | 0.1.0 | 3.60 | 43.88 | 47.48 | OK | |
r-release-macos-arm64 | 0.1.0 | 23.00 | OK | |||
r-release-macos-x86_64 | 0.1.0 | 29.00 | OK | |||
r-release-windows-x86_64 | 0.1.0 | 9.00 | 64.00 | 73.00 | OK | |
r-oldrel-macos-arm64 | 0.1.0 | 22.00 | NOTE | |||
r-oldrel-macos-x86_64 | 0.1.0 | 46.00 | NOTE | |||
r-oldrel-windows-x86_64 | 0.1.0 | 8.00 | 69.00 | 77.00 | OK |
Version: 0.1.0
Check: data for non-ASCII characters
Result: NOTE
Note: found 1984 marked UTF-8 strings
Flavors: r-devel-linux-x86_64-fedora-clang, r-devel-linux-x86_64-fedora-gcc, r-oldrel-macos-arm64, r-oldrel-macos-x86_64