Last updated on 2023-09-21 23:03:22 CEST.
Flavor | Version | Tinstall | Tcheck | Ttotal | Status | Flags |
---|---|---|---|---|---|---|
r-devel-linux-x86_64-debian-clang | 2.0.0 | 9.86 | 76.25 | 86.11 | OK | |
r-devel-linux-x86_64-debian-gcc | 2.0.0 | 7.04 | 56.10 | 63.14 | OK | |
r-devel-linux-x86_64-fedora-clang | 2.0.0 | 106.81 | NOTE | |||
r-devel-linux-x86_64-fedora-gcc | 2.0.0 | 102.77 | NOTE | |||
r-devel-windows-x86_64 | 2.0.0 | 11.00 | 80.00 | 91.00 | OK | |
r-patched-linux-x86_64 | 2.0.0 | 10.13 | 73.17 | 83.30 | OK | |
r-release-linux-x86_64 | 2.0.0 | 6.27 | 71.83 | 78.10 | OK | |
r-release-macos-arm64 | 2.0.0 | 33.00 | OK | |||
r-release-macos-x86_64 | 2.0.0 | 50.00 | OK | |||
r-release-windows-x86_64 | 2.0.0 | 13.00 | 92.00 | 105.00 | OK | |
r-oldrel-macos-arm64 | 2.0.0 | 38.00 | NOTE | |||
r-oldrel-macos-x86_64 | 2.0.0 | 50.00 | NOTE | |||
r-oldrel-windows-x86_64 | 2.0.0 | 14.00 | 89.00 | 103.00 | OK |
Version: 2.0.0
Check: dependencies in R code
Result: NOTE
Namespaces in Imports field not imported from:
‘grid’ ‘mcmcplots’ ‘tidyverse’
All declared Imports should be used.
Flavors: r-devel-linux-x86_64-fedora-clang, r-devel-linux-x86_64-fedora-gcc, r-oldrel-macos-arm64, r-oldrel-macos-x86_64