CRAN Package Check Results for Package jcolors

Last updated on 2021-12-03 22:57:43 CET.

Flavor Version Tinstall Tcheck Ttotal Status Flags
r-devel-linux-x86_64-debian-clang 0.0.4 5.09 62.68 67.77 NOTE
r-devel-linux-x86_64-debian-gcc 0.0.4 2.54 46.63 49.17 NOTE
r-devel-linux-x86_64-fedora-clang 0.0.4 88.60 NOTE
r-devel-linux-x86_64-fedora-gcc 0.0.4 76.88 NOTE
r-devel-windows-x86_64-new-UL 0.0.4 12.00 106.00 118.00 NOTE
r-devel-windows-x86_64-new-TK 0.0.4 NOTE
r-devel-windows-x86_64-old 0.0.4 9.00 66.00 75.00 NOTE
r-patched-linux-x86_64 0.0.4 4.64 53.25 57.89 NOTE
r-release-linux-x86_64 0.0.4 3.79 53.07 56.86 NOTE
r-release-macos-arm64 0.0.4 NOTE
r-release-macos-x86_64 0.0.4 NOTE
r-release-windows-ix86+x86_64 0.0.4 13.00 78.00 91.00 NOTE
r-oldrel-macos-x86_64 0.0.4 OK
r-oldrel-windows-ix86+x86_64 0.0.4 13.00 79.00 92.00 OK

Check Details

Version: 0.0.4
Check: LazyData
Result: NOTE
     'LazyData' is specified without a 'data' directory
Flavors: r-devel-linux-x86_64-debian-clang, r-devel-linux-x86_64-debian-gcc, r-devel-linux-x86_64-fedora-clang, r-devel-linux-x86_64-fedora-gcc, r-devel-windows-x86_64-new-UL, r-devel-windows-x86_64-new-TK, r-devel-windows-x86_64-old, r-patched-linux-x86_64, r-release-linux-x86_64, r-release-macos-arm64, r-release-macos-x86_64, r-release-windows-ix86+x86_64