CRAN Package Check Results for Package jmcm

Last updated on 2024-02-27 23:08:16 CET.

Flavor Version Tinstall Tcheck Ttotal Status Flags
r-devel-linux-x86_64-debian-clang 0.2.4 48.69 53.49 102.18 NOTE
r-devel-linux-x86_64-debian-gcc 0.2.4 41.54 38.97 80.51 NOTE
r-devel-linux-x86_64-fedora-clang 0.2.4 140.50 NOTE
r-devel-linux-x86_64-fedora-gcc 0.2.4 153.81 NOTE
r-devel-windows-x86_64 0.2.4 40.00 86.00 126.00 NOTE
r-patched-linux-x86_64 0.2.4 49.43 50.57 100.00 NOTE
r-release-linux-x86_64 0.2.4 44.45 51.01 95.46 NOTE
r-release-macos-arm64 0.2.4 48.00 NOTE
r-release-macos-x86_64 0.2.4 83.00 NOTE
r-release-windows-x86_64 0.2.4 51.00 98.00 149.00 NOTE
r-oldrel-macos-arm64 0.2.4 41.00 NOTE
r-oldrel-windows-x86_64 0.2.4 51.00 94.00 145.00 OK

Check Details

Version: 0.2.4
Check: C++ specification
Result: NOTE Specified C++11: please drop specification unless essential Flavors: r-devel-linux-x86_64-debian-clang, r-devel-linux-x86_64-debian-gcc, r-devel-linux-x86_64-fedora-clang, r-devel-linux-x86_64-fedora-gcc, r-devel-windows-x86_64, r-patched-linux-x86_64, r-release-linux-x86_64, r-release-macos-arm64, r-release-macos-x86_64, r-release-windows-x86_64

Version: 0.2.4
Check: installed package size
Result: NOTE installed size is 6.1Mb sub-directories of 1Mb or more: libs 4.8Mb Flavors: r-release-macos-arm64, r-release-macos-x86_64, r-oldrel-macos-arm64