Last updated on 2024-04-17 22:59:56 CEST.
Flavor | Version | Tinstall | Tcheck | Ttotal | Status | Flags |
---|---|---|---|---|---|---|
r-devel-linux-x86_64-debian-clang | 1.1.1 | 282.59 | 37.08 | 319.67 | NOTE | |
r-devel-linux-x86_64-debian-gcc | 1.1.1 | 210.81 | 28.83 | 239.64 | NOTE | |
r-devel-linux-x86_64-fedora-clang | 1.1.1 | 498.79 | NOTE | |||
r-devel-linux-x86_64-fedora-gcc | 1.1.1 | 479.09 | NOTE | |||
r-prerel-macos-arm64 | 1.1.1 | 76.00 | NOTE | |||
r-prerel-windows-x86_64 | 1.1.1 | 206.00 | 76.00 | 282.00 | NOTE | |
r-patched-linux-x86_64 | 1.1.1 | 261.99 | 36.40 | 298.39 | NOTE | |
r-release-linux-x86_64 | 1.1.1 | 271.39 | 36.83 | 308.22 | NOTE | |
r-release-macos-arm64 | 1.1.1 | 97.00 | NOTE | |||
r-release-macos-x86_64 | 1.1.1 | 174.00 | NOTE | |||
r-release-windows-x86_64 | 1.1.1 | 259.00 | 88.00 | 347.00 | NOTE | |
r-oldrel-macos-arm64 | 1.1.1 | 92.00 | NOTE | |||
r-oldrel-windows-x86_64 | 1.1.1 | 255.00 | 85.00 | 340.00 | OK |
Version: 1.1.1
Check: C++ specification
Result: NOTE
Specified C++11: please drop specification unless essential
Flavors: r-devel-linux-x86_64-debian-clang, r-devel-linux-x86_64-debian-gcc, r-devel-linux-x86_64-fedora-clang, r-devel-linux-x86_64-fedora-gcc, r-prerel-macos-arm64, r-prerel-windows-x86_64, r-patched-linux-x86_64, r-release-linux-x86_64, r-release-macos-arm64, r-release-macos-x86_64, r-release-windows-x86_64
Version: 1.1.1
Check: installed package size
Result: NOTE
installed size is 6.6Mb
sub-directories of 1Mb or more:
data 1.1Mb
libs 5.4Mb
Flavors: r-prerel-macos-arm64, r-release-macos-arm64, r-release-macos-x86_64, r-oldrel-macos-arm64