CRAN Package Check Results for Package jmotif

Last updated on 2021-08-03 22:53:26 CEST.

Flavor Version Tinstall Tcheck Ttotal Status Flags
r-devel-linux-x86_64-debian-clang 1.1.1 267.67 36.47 304.14 OK
r-devel-linux-x86_64-debian-gcc 1.1.1 177.18 28.54 205.72 OK
r-devel-linux-x86_64-fedora-clang 1.1.1 455.51 NOTE
r-devel-linux-x86_64-fedora-gcc 1.1.1 407.54 OK
r-devel-windows-x86_64 1.1.1 247.00 78.00 325.00 OK
r-devel-windows-x86_64-gcc10-UCRT 1.1.1 OK
r-patched-linux-x86_64 1.1.1 214.75 35.12 249.87 OK
r-patched-solaris-x86 1.1.1 352.70 OK
r-release-linux-x86_64 1.1.1 211.96 34.93 246.89 OK
r-release-macos-arm64 1.1.1 NOTE
r-release-macos-x86_64 1.1.1 NOTE
r-release-windows-ix86+x86_64 1.1.1 638.00 73.00 711.00 OK
r-oldrel-macos-x86_64 1.1.1 NOTE
r-oldrel-windows-ix86+x86_64 1.1.1 468.00 100.00 568.00 OK

Check Details

Version: 1.1.1
Check: installed package size
Result: NOTE
     installed size is 7.4Mb
     sub-directories of 1Mb or more:
     data 1.1Mb
     libs 6.2Mb
Flavors: r-devel-linux-x86_64-fedora-clang, r-release-macos-arm64, r-release-macos-x86_64, r-oldrel-macos-x86_64