CRAN Package Check Results for Package jmv

Last updated on 2022-09-26 23:10:35 CEST.

Flavor Version Tinstall Tcheck Ttotal Status Flags
r-devel-linux-x86_64-debian-clang 2.3.4 98.49 221.64 320.13 OK
r-devel-linux-x86_64-debian-gcc 2.3.4 77.34 100.89 178.23 OK
r-devel-linux-x86_64-fedora-clang 2.3.4 339.62 NOTE
r-devel-linux-x86_64-fedora-gcc 2.3.4 328.18 NOTE
r-devel-windows-x86_64 2.3.4 102.00 170.00 272.00 NOTE
r-patched-linux-x86_64 2.3.4 77.43 126.05 203.48 OK
r-release-linux-x86_64 2.3.4 84.84 125.94 210.78 OK
r-release-macos-arm64 2.3.4 83.00 NOTE
r-release-macos-x86_64 2.3.4 133.00 NOTE
r-release-windows-x86_64 2.3.4 102.00 171.00 273.00 NOTE
r-oldrel-macos-arm64 2.3.4 55.00 NOTE
r-oldrel-macos-x86_64 2.3.4 97.00 NOTE
r-oldrel-windows-ix86+x86_64 2.3.4 156.00 180.00 336.00 NOTE

Check Details

Version: 2.3.4
Check: package dependencies
Result: NOTE
    Imports includes 23 non-default packages.
    Importing from so many packages makes the package vulnerable to any of
    them becoming unavailable. Move as many as possible to Suggests and
    use conditionally.
Flavor: r-devel-linux-x86_64-fedora-clang

Version: 2.3.4
Check: installed package size
Result: NOTE
     installed size is 8.0Mb
     sub-directories of 1Mb or more:
     R 3.8Mb
     i18n 4.0Mb
Flavors: r-devel-linux-x86_64-fedora-clang, r-devel-windows-x86_64, r-release-macos-arm64, r-release-macos-x86_64, r-release-windows-x86_64, r-oldrel-macos-arm64, r-oldrel-macos-x86_64, r-oldrel-windows-ix86+x86_64

Version: 2.3.4
Check: dependencies in R code
Result: NOTE
    Namespaces in Imports field not imported from:
     ‘BayesFactor’ ‘GGally’ ‘GPArotation’ ‘MASS’ ‘PMCMR’ ‘R6’ ‘ROCR’
     ‘afex’ ‘car’ ‘dplyr’ ‘emmeans’ ‘ggrepel’ ‘ggridges’ ‘lavaan’
     ‘multcomp’ ‘mvnormtest’ ‘nnet’ ‘psych’ ‘vcd’ ‘vcdExtra’
     All declared Imports should be used.
Flavors: r-devel-linux-x86_64-fedora-clang, r-devel-linux-x86_64-fedora-gcc, r-release-macos-arm64, r-release-macos-x86_64, r-oldrel-macos-arm64, r-oldrel-macos-x86_64