CRAN Package Check Results for Package joinXL

Last updated on 2022-01-23 22:49:44 CET.

Flavor Version Tinstall Tcheck Ttotal Status Flags
r-devel-linux-x86_64-debian-clang 1.0.1 6.22 77.34 83.56 NOTE
r-devel-linux-x86_64-debian-gcc 1.0.1 5.58 65.15 70.73 NOTE
r-devel-linux-x86_64-fedora-clang 1.0.1 105.01 NOTE
r-devel-linux-x86_64-fedora-gcc 1.0.1 87.57 NOTE
r-devel-windows-x86_64-new-UL 1.0.1 15.00 92.00 107.00 NOTE
r-devel-windows-x86_64-new-TK 1.0.1 NOTE
r-patched-linux-x86_64 1.0.1 6.21 72.00 78.21 NOTE
r-release-linux-x86_64 1.0.1 5.02 72.31 77.33 NOTE
r-release-macos-arm64 1.0.1 NOTE
r-release-macos-x86_64 1.0.1 NOTE
r-release-windows-ix86+x86_64 1.0.1 16.00 87.00 103.00 NOTE
r-oldrel-macos-x86_64 1.0.1 OK
r-oldrel-windows-ix86+x86_64 1.0.1 17.00 89.00 106.00 OK

Check Details

Version: 1.0.1
Check: LazyData
Result: NOTE
     'LazyData' is specified without a 'data' directory
Flavors: r-devel-linux-x86_64-debian-clang, r-devel-linux-x86_64-debian-gcc, r-devel-linux-x86_64-fedora-clang, r-devel-linux-x86_64-fedora-gcc, r-devel-windows-x86_64-new-UL, r-devel-windows-x86_64-new-TK, r-patched-linux-x86_64, r-release-linux-x86_64, r-release-macos-arm64, r-release-macos-x86_64, r-release-windows-ix86+x86_64