CRAN Package Check Results for Package jointseg

Last updated on 2021-09-18 23:49:56 CEST.

Flavor Version Tinstall Tcheck Ttotal Status Flags
r-devel-linux-x86_64-debian-clang 1.0.2 8.39 76.34 84.73 OK
r-devel-linux-x86_64-debian-gcc 1.0.2 5.35 59.31 64.66 OK
r-devel-linux-x86_64-fedora-clang 1.0.2 119.95 OK
r-devel-linux-x86_64-fedora-gcc 1.0.2 100.52 OK
r-devel-windows-x86_64 1.0.2 12.00 115.00 127.00 OK
r-devel-windows-x86_64-gcc10-UCRT 1.0.2 OK
r-patched-linux-x86_64 1.0.2 7.47 74.96 82.43 OK
r-patched-solaris-x86 1.0.2 131.90 OK
r-release-linux-x86_64 1.0.2 6.23 75.14 81.37 OK
r-release-macos-arm64 1.0.2 NOTE
r-release-macos-x86_64 1.0.2 OK
r-release-windows-ix86+x86_64 1.0.2 22.00 135.00 157.00 OK
r-oldrel-macos-x86_64 1.0.2 OK
r-oldrel-windows-ix86+x86_64 1.0.2 21.00 131.00 152.00 OK

Check Details

Version: 1.0.2
Check: package dependencies
Result: NOTE
    Package suggested but not available for checking: ‘PSCBS’
Flavor: r-release-macos-arm64

Version: 1.0.2
Check: Rd cross-references
Result: NOTE
    Package unavailable to check Rd xrefs: ‘PSCBS’
Flavor: r-release-macos-arm64