CRAN Package Check Results for Package josaplay

Last updated on 2025-01-18 22:48:55 CET.

Flavor Version Tinstall Tcheck Ttotal Status Flags
r-devel-linux-x86_64-debian-clang 0.1.3 1.68 16.07 17.75 OK
r-devel-linux-x86_64-debian-gcc 0.1.3 1.25 13.70 14.95 OK
r-devel-linux-x86_64-fedora-clang 0.1.3 29.15 OK
r-devel-linux-x86_64-fedora-gcc 0.1.3 28.45 OK
r-devel-windows-x86_64 0.1.3 4.00 39.00 43.00 OK
r-patched-linux-x86_64 0.1.3 1.49 15.84 17.33 NOTE
r-release-linux-x86_64 0.1.3 1.59 16.17 17.76 NOTE
r-release-macos-arm64 0.1.3 15.00 NOTE
r-release-macos-x86_64 0.1.3 25.00 NOTE
r-release-windows-x86_64 0.1.3 4.00 46.00 50.00 NOTE
r-oldrel-macos-arm64 0.1.3 15.00 NOTE
r-oldrel-macos-x86_64 0.1.3 20.00 NOTE
r-oldrel-windows-x86_64 0.1.3 2.00 38.00 40.00 NOTE

Check Details

Version: 0.1.3
Check: LazyData
Result: NOTE 'LazyData' is specified without a 'data' directory Flavors: r-patched-linux-x86_64, r-release-linux-x86_64, r-release-macos-arm64, r-release-macos-x86_64, r-release-windows-x86_64, r-oldrel-macos-arm64, r-oldrel-macos-x86_64, r-oldrel-windows-x86_64