CRAN Package Check Results for Package journalabbr

Last updated on 2021-07-25 23:00:18 CEST.

Flavor Version Tinstall Tcheck Ttotal Status Flags
r-devel-linux-x86_64-debian-clang 0.3.0 31.24 73.71 104.95 OK
r-devel-linux-x86_64-debian-gcc 0.3.0 28.09 57.54 85.63 OK
r-devel-linux-x86_64-fedora-clang 0.3.0 143.60 NOTE
r-devel-linux-x86_64-fedora-gcc 0.3.0 131.90 NOTE
r-devel-windows-x86_64 0.3.0 47.00 97.00 144.00 OK
r-devel-windows-x86_64-gcc10-UCRT 0.3.0 NOTE
r-patched-linux-x86_64 0.3.0 31.40 69.20 100.60 OK
r-patched-solaris-x86 0.3.0 238.00 NOTE
r-release-linux-x86_64 0.3.0 32.32 69.94 102.26 OK
r-release-macos-arm64 0.3.0 NOTE
r-release-macos-x86_64 0.3.0 NOTE
r-release-windows-ix86+x86_64 0.3.0 53.00 70.00 123.00 OK
r-oldrel-macos-x86_64 0.3.0 NOTE
r-oldrel-windows-ix86+x86_64 0.3.0 40.00 100.00 140.00 OK

Check Details

Version: 0.3.0
Check: dependencies in R code
Result: NOTE
    Namespaces in Imports field not imported from:
     ‘knitr’ ‘rmarkdown’
     All declared Imports should be used.
Flavors: r-devel-linux-x86_64-fedora-clang, r-devel-linux-x86_64-fedora-gcc, r-devel-windows-x86_64-gcc10-UCRT, r-patched-solaris-x86, r-release-macos-arm64, r-release-macos-x86_64, r-oldrel-macos-x86_64