CRAN Package Check Results for Package journalabbr

Last updated on 2021-10-17 22:48:38 CEST.

Flavor Version Tinstall Tcheck Ttotal Status Flags
r-devel-linux-x86_64-debian-clang 0.3.0 31.89 71.98 103.87 OK
r-devel-linux-x86_64-debian-gcc 0.3.0 30.48 56.55 87.03 OK
r-devel-linux-x86_64-fedora-clang 0.3.0 144.30 NOTE
r-devel-linux-x86_64-fedora-gcc 0.3.0 132.73 NOTE
r-devel-windows-x86_64 0.3.0 44.00 97.00 141.00 OK
r-devel-windows-x86_64-gcc10-UCRT 0.3.0 NOTE
r-patched-linux-x86_64 0.3.0 32.32 69.19 101.51 OK
r-patched-solaris-x86 0.3.0 231.00 NOTE
r-release-linux-x86_64 0.3.0 33.39 67.57 100.96 OK
r-release-macos-arm64 0.3.0 NOTE
r-release-macos-x86_64 0.3.0 NOTE
r-release-windows-ix86+x86_64 0.3.0 53.00 94.00 147.00 OK
r-oldrel-macos-x86_64 0.3.0 NOTE
r-oldrel-windows-ix86+x86_64 0.3.0 54.00 108.00 162.00 OK

Check Details

Version: 0.3.0
Check: dependencies in R code
Result: NOTE
    Namespaces in Imports field not imported from:
     ‘knitr’ ‘rmarkdown’
     All declared Imports should be used.
Flavors: r-devel-linux-x86_64-fedora-clang, r-devel-linux-x86_64-fedora-gcc, r-devel-windows-x86_64-gcc10-UCRT, r-patched-solaris-x86, r-release-macos-arm64, r-release-macos-x86_64, r-oldrel-macos-x86_64