CRAN Package Check Results for Package jqr

Last updated on 2020-02-21 22:51:10 CET.

Flavor Version Tinstall Tcheck Ttotal Status Flags
r-devel-linux-x86_64-debian-clang 1.1.0 3.87 50.27 54.14 OK
r-devel-linux-x86_64-debian-gcc 1.1.0 3.11 41.77 44.88 OK
r-devel-linux-x86_64-fedora-clang 1.1.0 68.55 NOTE
r-devel-linux-x86_64-fedora-gcc 1.1.0 68.04 NOTE
r-devel-windows-ix86+x86_64 1.1.0 20.00 59.00 79.00 OK
r-devel-windows-ix86+x86_64-gcc8 1.1.0 23.00 96.00 119.00 OK
r-patched-linux-x86_64 1.1.0 OK
r-patched-solaris-x86 1.1.0 55.60 OK
r-release-linux-x86_64 1.1.0 3.12 47.95 51.07 OK
r-release-windows-ix86+x86_64 1.1.0 16.00 64.00 80.00 OK
r-release-osx-x86_64 1.1.0 OK
r-oldrel-windows-ix86+x86_64 1.1.0 21.00 58.00 79.00 OK
r-oldrel-osx-x86_64 1.1.0 OK

Check Details

Version: 1.1.0
Check: top-level files
Result: NOTE
    ‘configure’: /bin/bash is not portable
Flavors: r-devel-linux-x86_64-fedora-clang, r-devel-linux-x86_64-fedora-gcc