CRAN Package Check Results for Package jqr

Last updated on 2021-06-15 01:50:27 CEST.

Flavor Version Tinstall Tcheck Ttotal Status Flags
r-devel-linux-x86_64-debian-clang 1.2.1 4.23 47.76 51.99 OK
r-devel-linux-x86_64-debian-gcc 1.2.1 2.94 38.96 41.90 OK
r-devel-linux-x86_64-fedora-clang 1.2.1 72.65 OK
r-devel-linux-x86_64-fedora-gcc 1.2.1 61.69 OK
r-devel-windows-x86_64 1.2.1 9.00 68.00 77.00 OK
r-devel-windows-x86_64-gcc10-UCRT 1.2.1 WARN
r-patched-linux-x86_64 1.2.1 4.00 46.96 50.96 OK
r-patched-solaris-x86 1.2.1 59.40 OK
r-release-linux-x86_64 1.2.1 3.87 46.62 50.49 OK
r-release-macos-arm64 1.2.1 OK
r-release-macos-x86_64 1.2.1 OK
r-release-windows-ix86+x86_64 1.2.1 14.00 91.00 105.00 OK
r-oldrel-macos-x86_64 1.2.1 OK
r-oldrel-windows-ix86+x86_64 1.2.1 11.00 94.00 105.00 OK

Check Details

Version: 1.2.1
Check: whether package can be installed
Result: WARN
    Found the following significant warnings:
     WARNING: failed to apply patch patches/CRAN/jqr.diff
Flavor: r-devel-windows-x86_64-gcc10-UCRT