CRAN Package Check Results for Package jsTreeR

Last updated on 2024-02-23 23:10:09 CET.

Flavor Version Tinstall Tcheck Ttotal Status Flags
r-devel-linux-x86_64-debian-clang 2.5.0 OK
r-devel-linux-x86_64-debian-gcc 2.5.0 5.60 37.69 43.29 OK
r-devel-linux-x86_64-fedora-clang 2.5.0 67.12 NOTE
r-devel-linux-x86_64-fedora-gcc 2.5.0 64.92 NOTE
r-devel-windows-x86_64 2.5.0 12.00 63.00 75.00 OK
r-patched-linux-x86_64 2.5.0 5.27 47.88 53.15 OK
r-release-linux-x86_64 2.5.0 4.70 48.50 53.20 OK
r-release-macos-arm64 2.5.0 32.00 NOTE
r-release-macos-x86_64 2.5.0 47.00 NOTE
r-release-windows-x86_64 2.5.0 15.00 69.00 84.00 OK
r-oldrel-macos-arm64 2.5.0 32.00 NOTE
r-oldrel-windows-x86_64 2.5.0 16.00 73.00 89.00 OK

Check Details

Version: 2.5.0
Check: installed package size
Result: NOTE installed size is 6.9Mb sub-directories of 1Mb or more: examples 2.9Mb htmlwidgets 1.1Mb www 2.7Mb Flavors: r-devel-linux-x86_64-fedora-clang, r-release-macos-arm64, r-release-macos-x86_64, r-oldrel-macos-arm64

Version: 2.5.0
Check: data for non-ASCII characters
Result: NOTE Note: found 17 marked UTF-8 strings Flavors: r-devel-linux-x86_64-fedora-clang, r-devel-linux-x86_64-fedora-gcc