CRAN Package Check Results for Package jskm

Last updated on 2020-01-18 22:48:35 CET.

Flavor Version Tinstall Tcheck Ttotal Status Flags
r-devel-linux-x86_64-debian-clang 0.3.8 9.47 119.64 129.11 OK
r-devel-linux-x86_64-debian-gcc 0.3.8 8.62 87.86 96.48 OK
r-devel-linux-x86_64-fedora-clang 0.3.8 148.05 OK
r-devel-linux-x86_64-fedora-gcc 0.3.8 144.55 OK
r-devel-windows-ix86+x86_64 0.3.8 31.00 164.00 195.00 OK
r-devel-windows-ix86+x86_64-gcc8 0.3.8 19.00 162.00 181.00 OK
r-patched-linux-x86_64 0.3.8 8.28 102.90 111.18 OK
r-patched-solaris-x86 0.3.8 195.30 OK
r-release-linux-x86_64 0.3.8 8.08 103.47 111.55 OK
r-release-windows-ix86+x86_64 0.3.8 29.00 151.00 180.00 OK
r-release-osx-x86_64 0.3.8 OK
r-oldrel-windows-ix86+x86_64 0.3.8 15.00 117.00 132.00 WARN
r-oldrel-osx-x86_64 0.3.8 OK

Check Details

Version: 0.3.8
Check: whether package can be installed
Result: WARN
    Found the following significant warnings:
     Warning: S3 methods '[.fun_list', '[.grouped_df', 'all.equal.tbl_df', 'anti_join.data.frame', 'anti_join.tbl_df', 'arrange.data.frame', 'arrange.default', 'arrange.grouped_df', 'arrange.tbl_df', 'arrange_.data.frame', 'arrange_.tbl_df', 'as.data.frame.grouped_df', 'as.data.frame.rowwise_df', 'as.data.frame.tbl_cube', 'as.table.tbl_cube', 'as.tbl.data.frame', 'as.tbl.tbl', 'as.tbl_cube.array', 'as.tbl_cube.data.frame', 'as.tbl_cube.matrix', 'as.tbl_cube.table', 'as_tibble.grouped_df', 'as_tibble.tbl_cube', 'auto_copy.tbl_cube', 'auto_copy.tbl_df', 'cbind.grouped_df', 'collapse.data.frame', 'collect.data.frame', 'common_by.NULL', 'common_by.character', 'common_by.default', 'common_by.list', 'compute.data.frame', 'copy_to.DBIConnection', 'copy_to.src_local', 'default_missing.data.frame', 'default_missing.default', 'dim.tbl_cube', 'distinct.data.frame', 'distinct.default', 'distinct.grouped_df', 'distinct.tbl_df', 'distinct_.data.frame', 'distinct_.grouped_df', 'distinct_.tbl_df', 'do.NULL', 'do.da [... truncated]
Flavor: r-oldrel-windows-ix86+x86_64