CRAN Package Check Results for Package jskm

Last updated on 2021-10-20 23:50:13 CEST.

Flavor Version Tinstall Tcheck Ttotal Status Flags
r-devel-linux-x86_64-debian-clang 0.4.3 10.52 123.81 134.33 OK
r-devel-linux-x86_64-debian-gcc 0.4.3 8.23 90.69 98.92 OK
r-devel-linux-x86_64-fedora-clang 0.4.3 171.35 OK
r-devel-linux-x86_64-fedora-gcc 0.4.3 155.86 OK
r-devel-windows-x86_64 0.4.3 16.00 154.00 170.00 OK
r-devel-windows-x86_64-gcc10-UCRT 0.4.3 OK
r-patched-linux-x86_64 0.4.3 10.06 116.98 127.04 OK
r-patched-solaris-x86 0.4.3 188.50 OK
r-release-linux-x86_64 0.4.3 8.90 115.82 124.72 OK
r-release-macos-arm64 0.4.2 NOTE
r-release-macos-x86_64 0.4.3 OK
r-release-windows-ix86+x86_64 0.4.3 19.00 109.00 128.00 OK
r-oldrel-macos-x86_64 0.4.3 OK
r-oldrel-windows-ix86+x86_64 0.4.3 17.00 108.00 125.00 OK

Check Details

Version: 0.4.2
Check: LazyData
Result: NOTE
     'LazyData' is specified without a 'data' directory
Flavor: r-release-macos-arm64