Last updated on 2023-12-07 21:55:50 CET.
Flavor | Version | Tinstall | Tcheck | Ttotal | Status | Flags |
---|---|---|---|---|---|---|
r-devel-linux-x86_64-debian-clang | 1.2.2 | 81.99 | 36.00 | 117.99 | NOTE | |
r-devel-linux-x86_64-debian-gcc | 1.2.2 | 56.53 | 28.59 | 85.12 | NOTE | |
r-devel-linux-x86_64-fedora-clang | 1.2.2 | 172.56 | NOTE | |||
r-devel-linux-x86_64-fedora-gcc | 1.2.2 | 181.32 | NOTE | |||
r-devel-windows-x86_64 | 1.2.2 | 59.00 | 69.00 | 128.00 | NOTE | |
r-patched-linux-x86_64 | 1.2.2 | 69.30 | 35.61 | 104.91 | NOTE | |
r-release-linux-x86_64 | 1.2.2 | 70.53 | 35.28 | 105.81 | NOTE | |
r-release-macos-arm64 | 1.2.2 | 55.00 | NOTE | |||
r-release-macos-x86_64 | 1.2.2 | 69.00 | NOTE | |||
r-release-windows-x86_64 | 1.2.2 | 66.00 | 83.00 | 149.00 | NOTE | |
r-oldrel-macos-arm64 | 1.2.2 | 49.00 | NOTE | |||
r-oldrel-macos-x86_64 | 1.2.2 | 57.00 | NOTE | |||
r-oldrel-windows-x86_64 | 1.2.2 | 71.00 | 82.00 | 153.00 | OK |
Version: 1.2.2
Check: C++ specification
Result: NOTE
Specified C++11: please drop specification unless essential
Flavors: r-devel-linux-x86_64-debian-clang, r-devel-linux-x86_64-debian-gcc, r-devel-linux-x86_64-fedora-clang, r-devel-linux-x86_64-fedora-gcc, r-devel-windows-x86_64, r-patched-linux-x86_64, r-release-linux-x86_64, r-release-macos-arm64, r-release-macos-x86_64, r-release-windows-x86_64
Version: 1.2.2
Check: installed package size
Result: NOTE
installed size is 5.4Mb
sub-directories of 1Mb or more:
doc 1.2Mb
libs 4.0Mb
Flavors: r-release-macos-arm64, r-release-macos-x86_64, r-oldrel-macos-arm64, r-oldrel-macos-x86_64