CRAN Package Check Results for Package jsonify

Last updated on 2020-02-22 22:47:50 CET.

Flavor Version Tinstall Tcheck Ttotal Status Flags
r-devel-linux-x86_64-debian-clang 1.0.0 79.50 29.65 109.15 ERROR
r-devel-linux-x86_64-debian-gcc 1.0.0 56.35 23.41 79.76 OK
r-devel-linux-x86_64-fedora-clang 1.0.0 153.86 NOTE
r-devel-linux-x86_64-fedora-gcc 1.0.0 148.58 OK
r-devel-windows-ix86+x86_64 1.0.0 148.00 63.00 211.00 OK
r-devel-windows-ix86+x86_64-gcc8 1.0.0 215.00 95.00 310.00 OK
r-patched-linux-x86_64 1.0.0 OK
r-patched-solaris-x86 1.0.0 133.60 OK
r-release-linux-x86_64 1.0.0 63.62 26.88 90.50 OK
r-release-windows-ix86+x86_64 1.0.0 163.00 73.00 236.00 OK
r-release-osx-x86_64 1.0.0 OK
r-oldrel-windows-ix86+x86_64 1.0.0 206.00 67.00 273.00 OK
r-oldrel-osx-x86_64 1.0.0 OK

Check Details

Version: 1.0.0
Check: tests
Result: ERROR
     Running 'testthat.R' [3s/3s]
    Running the tests in 'tests/testthat.R' failed.
    Complete output:
     > library(testthat)
     > library(jsonify)
     >
     > test_check("jsonify")
     -- 1. Failure: column factors return levels and characters (@test-to_json_datafr
     as.character(js) not equal to "{\"id\":[1,2,3,4,5],\"val\":[1,2,3,4,5]}".
     1/1 mismatches
     x[1]: "{\"id\":[1,2,3,4,5],\"val\":[\"a\",\"b\",\"c\",\"d\",\"e\"]}"
     y[1]: "{\"id\":[1,2,3,4,5],\"val\":[1,2,3,4,5]}"
    
     -- 2. Failure: factors work as expected (@test-to_json_vectors.R#99) ----------
     as.character(to_json(df, factors_as_string = FALSE)) not equal to "[{\"x\":1},{\"x\":1},{\"x\":1}]".
     1/1 mismatches
     x[1]: "[{\"x\":\"a\"},{\"x\":\"a\"},{\"x\":\"a\"}]"
     y[1]: "[{\"x\":1},{\"x\":1},{\"x\":1}]"
    
     == testthat results ===========================================================
     [ OK: 381 | SKIPPED: 0 | WARNINGS: 0 | FAILED: 2 ]
     1. Failure: column factors return levels and characters (@test-to_json_dataframe.R#119)
     2. Failure: factors work as expected (@test-to_json_vectors.R#99)
    
     Error: testthat unit tests failed
     Execution halted
Flavor: r-devel-linux-x86_64-debian-clang

Version: 1.0.0
Check: installed package size
Result: NOTE
     installed size is 6.7Mb
     sub-directories of 1Mb or more:
     doc 1.2Mb
     libs 5.2Mb
Flavor: r-devel-linux-x86_64-fedora-clang