CRAN Package Check Results for Package jsonlite

Last updated on 2024-05-20 23:00:31 CEST.

Flavor Version Tinstall Tcheck Ttotal Status Flags
r-devel-linux-x86_64-debian-clang 1.8.8 10.73 60.61 71.34 OK
r-devel-linux-x86_64-debian-gcc 1.8.8 8.04 45.17 53.21 OK
r-devel-linux-x86_64-fedora-clang 1.8.8 89.11 OK
r-devel-linux-x86_64-fedora-gcc 1.8.8 103.35 OK
r-devel-windows-x86_64 1.8.8 1.00 5.00 6.00 ERROR
r-patched-linux-x86_64 1.8.8 9.66 57.69 67.35 OK
r-release-linux-x86_64 1.8.8 9.26 58.49 67.75 OK
r-release-macos-arm64 1.8.8 40.00 OK
r-release-windows-x86_64 1.8.8 21.00 73.00 94.00 OK
r-oldrel-macos-arm64 1.8.8 67.00 OK
r-oldrel-macos-x86_64 1.8.8 145.00 OK
r-oldrel-windows-x86_64 1.8.8 20.00 82.00 102.00 OK

Check Details

Version: 1.8.8
Check: whether package can be installed
Result: ERROR Installation failed. Flavor: r-devel-windows-x86_64