CRAN Package Check Results for Package jsonvalidate

Last updated on 2021-09-25 22:54:09 CEST.

Flavor Version Tinstall Tcheck Ttotal Status Flags
r-devel-linux-x86_64-debian-clang 1.1.0 2.55 36.02 38.57 NOTE
r-devel-linux-x86_64-debian-gcc 1.1.0 2.21 28.41 30.62 NOTE
r-devel-linux-x86_64-fedora-clang 1.1.0 57.14 NOTE
r-devel-linux-x86_64-fedora-gcc 1.1.0 46.52 NOTE
r-devel-windows-x86_64 1.1.0 5.00 56.00 61.00 NOTE
r-devel-windows-x86_64-gcc10-UCRT 1.1.0 NOTE
r-patched-linux-x86_64 1.1.0 2.47 34.94 37.41 NOTE
r-patched-solaris-x86 1.1.0 69.20 NOTE
r-release-linux-x86_64 1.1.0 2.40 35.02 37.42 NOTE
r-release-macos-arm64 1.1.0 NOTE
r-release-macos-x86_64 1.1.0 NOTE
r-release-windows-ix86+x86_64 1.1.0 9.00 47.00 56.00 NOTE
r-oldrel-macos-x86_64 1.1.0 OK
r-oldrel-windows-ix86+x86_64 1.1.0 20.00 50.00 70.00 OK

Check Details

Version: 1.1.0
Check: LazyData
Result: NOTE
     'LazyData' is specified without a 'data' directory
Flavors: r-devel-linux-x86_64-debian-clang, r-devel-linux-x86_64-debian-gcc, r-devel-linux-x86_64-fedora-clang, r-devel-linux-x86_64-fedora-gcc, r-devel-windows-x86_64, r-devel-windows-x86_64-gcc10-UCRT, r-patched-linux-x86_64, r-patched-solaris-x86, r-release-linux-x86_64, r-release-macos-arm64, r-release-macos-x86_64, r-release-windows-ix86+x86_64