CRAN Package Check Results for Package kantorovich

Last updated on 2021-08-01 22:49:48 CEST.

Flavor Version Tinstall Tcheck Ttotal Status Flags
r-devel-linux-x86_64-debian-clang 3.0.0 13.95 126.96 140.91 NOTE
r-devel-linux-x86_64-debian-gcc 3.0.0 9.48 95.27 104.75 NOTE
r-devel-linux-x86_64-fedora-clang 3.0.0 174.70 NOTE
r-devel-linux-x86_64-fedora-gcc 3.0.0 164.02 NOTE
r-devel-windows-x86_64 3.0.0 14.00 148.00 162.00 NOTE
r-devel-windows-x86_64-gcc10-UCRT 3.0.0 NOTE
r-patched-linux-x86_64 3.0.0 NOTE
r-patched-solaris-x86 3.0.0 233.30 NOTE
r-release-linux-x86_64 3.0.0 12.51 120.66 133.17 NOTE
r-release-macos-arm64 3.0.0 NOTE
r-release-macos-x86_64 3.0.0 NOTE
r-release-windows-ix86+x86_64 3.0.0 30.00 153.00 183.00 NOTE
r-oldrel-macos-x86_64 3.0.0 OK
r-oldrel-windows-ix86+x86_64 3.0.0 21.00 148.00 169.00 OK

Check Details

Version: 3.0.0
Check: LazyData
Result: NOTE
     'LazyData' is specified without a 'data' directory
Flavors: r-devel-linux-x86_64-debian-clang, r-devel-linux-x86_64-debian-gcc, r-devel-linux-x86_64-fedora-clang, r-devel-linux-x86_64-fedora-gcc, r-devel-windows-x86_64, r-devel-windows-x86_64-gcc10-UCRT, r-patched-linux-x86_64, r-patched-solaris-x86, r-release-linux-x86_64, r-release-macos-arm64, r-release-macos-x86_64, r-release-windows-ix86+x86_64