CRAN Package Check Results for Package karyotapR

Last updated on 2024-03-02 22:41:57 CET.

Flavor Version Tinstall Tcheck Ttotal Status Flags
r-devel-linux-x86_64-debian-clang 1.0.1 39.77 415.89 455.66 OK
r-devel-linux-x86_64-debian-gcc 1.0.1 35.55 305.69 341.24 OK
r-devel-linux-x86_64-fedora-clang 1.0.1 571.17 OK
r-devel-linux-x86_64-fedora-gcc 1.0.1 565.81 OK
r-devel-windows-x86_64 1.0.1 36.00 304.00 340.00 OK
r-patched-linux-x86_64 1.0.1 27.95 393.21 421.16 OK
r-release-linux-x86_64 1.0.1 28.25 402.10 430.35 OK
r-release-macos-arm64 1.0.1 9.00 ERROR
r-release-macos-x86_64 1.0.1 7.00 ERROR
r-release-windows-x86_64 1.0.1 50.00 397.00 447.00 OK
r-oldrel-macos-arm64 1.0.1 135.00 OK
r-oldrel-windows-x86_64 1.0.1 44.00 345.00 389.00 OK

Check Details

Version: 1.0.1
Check: package dependencies
Result: ERROR Package required but not available: ‘rhdf5’ See section ‘The DESCRIPTION file’ in the ‘Writing R Extensions’ manual. Flavors: r-release-macos-arm64, r-release-macos-x86_64