CRAN Package Check Results for Package kde1d

Last updated on 2021-10-22 22:56:35 CEST.

Flavor Version Tinstall Tcheck Ttotal Status Flags
r-devel-linux-x86_64-debian-clang 1.0.3 40.41 30.32 70.73 NOTE
r-devel-linux-x86_64-debian-gcc 1.0.3 35.93 24.46 60.39 NOTE
r-devel-linux-x86_64-fedora-clang 1.0.3 120.02 NOTE
r-devel-linux-x86_64-fedora-gcc 1.0.3 101.09 NOTE
r-devel-windows-x86_64 1.0.3 55.00 59.00 114.00 NOTE
r-devel-windows-x86_64-gcc10-UCRT 1.0.3 NOTE
r-patched-linux-x86_64 1.0.3 43.62 30.24 73.86 NOTE
r-patched-solaris-x86 1.0.3 102.10 NOTE
r-release-linux-x86_64 1.0.3 40.64 30.11 70.75 NOTE
r-release-macos-arm64 1.0.3 NOTE
r-release-macos-x86_64 1.0.3 NOTE
r-release-windows-ix86+x86_64 1.0.3 71.00 82.00 153.00 NOTE
r-oldrel-macos-x86_64 1.0.3 NOTE
r-oldrel-windows-ix86+x86_64 1.0.3 107.00 84.00 191.00 OK

Check Details

Version: 1.0.3
Check: LazyData
Result: NOTE
     'LazyData' is specified without a 'data' directory
Flavors: r-devel-linux-x86_64-debian-clang, r-devel-linux-x86_64-debian-gcc, r-devel-linux-x86_64-fedora-clang, r-devel-linux-x86_64-fedora-gcc, r-devel-windows-x86_64, r-devel-windows-x86_64-gcc10-UCRT, r-patched-linux-x86_64, r-patched-solaris-x86, r-release-linux-x86_64, r-release-macos-arm64, r-release-macos-x86_64, r-release-windows-ix86+x86_64

Version: 1.0.3
Check: installed package size
Result: NOTE
     installed size is 13.8Mb
     sub-directories of 1Mb or more:
     libs 13.6Mb
Flavors: r-devel-linux-x86_64-fedora-clang, r-release-macos-arm64, r-release-macos-x86_64, r-oldrel-macos-x86_64