CRAN Package Check Results for Package kehra

Last updated on 2020-02-24 22:50:27 CET.

Flavor Version Tinstall Tcheck Ttotal Status Flags
r-devel-linux-x86_64-debian-clang 0.1 16.09 122.71 138.80 OK
r-devel-linux-x86_64-debian-gcc 0.1 13.41 95.32 108.73 OK
r-devel-linux-x86_64-fedora-clang 0.1 173.06 WARN
r-devel-linux-x86_64-fedora-gcc 0.1 168.84 WARN
r-devel-windows-ix86+x86_64 0.1 32.00 125.00 157.00 OK
r-devel-windows-ix86+x86_64-gcc8 0.1 54.00 179.00 233.00 OK
r-patched-linux-x86_64 0.1 14.63 106.22 120.85 OK
r-patched-solaris-x86 0.1 224.20 OK
r-release-linux-x86_64 0.1 13.66 104.66 118.32 OK
r-release-windows-ix86+x86_64 0.1 24.00 106.00 130.00 OK
r-release-osx-x86_64 0.1 OK
r-oldrel-windows-ix86+x86_64 0.1 17.00 116.00 133.00 OK
r-oldrel-osx-x86_64 0.1 OK

Check Details

Version: 0.1
Check: whether package can be installed
Result: WARN
    Found the following significant warnings:
     Warning: namespace ‘rgdal’ is not available and has been replaced
Flavors: r-devel-linux-x86_64-fedora-clang, r-devel-linux-x86_64-fedora-gcc