CRAN Package Check Results for Package kendallRandomWalks

Last updated on 2021-12-01 22:53:14 CET.

Flavor Version Tinstall Tcheck Ttotal Status Flags
r-devel-linux-x86_64-debian-clang 0.9.4 5.50 148.91 154.41 NOTE
r-devel-linux-x86_64-debian-gcc 0.9.4 3.92 106.46 110.38 NOTE
r-devel-linux-x86_64-fedora-clang 0.9.4 193.74 NOTE
r-devel-linux-x86_64-fedora-gcc 0.9.4 180.94 NOTE
r-devel-windows-x86_64-new-UL 0.9.4 15.00 195.00 210.00 NOTE
r-devel-windows-x86_64-new-TK 0.9.4 NOTE
r-devel-windows-x86_64-old 0.9.4 10.00 137.00 147.00 NOTE
r-patched-linux-x86_64 0.9.4 4.91 142.89 147.80 NOTE
r-patched-solaris-x86 0.9.4 116.50 NOTE
r-release-linux-x86_64 0.9.4 5.26 142.56 147.82 NOTE
r-release-macos-arm64 0.9.4 NOTE
r-release-macos-x86_64 0.9.4 NOTE
r-release-windows-ix86+x86_64 0.9.4 14.00 181.00 195.00 NOTE
r-oldrel-macos-x86_64 0.9.4 OK
r-oldrel-windows-ix86+x86_64 0.9.4 14.00 184.00 198.00 OK

Check Details

Version: 0.9.4
Check: LazyData
Result: NOTE
     'LazyData' is specified without a 'data' directory
Flavors: r-devel-linux-x86_64-debian-clang, r-devel-linux-x86_64-debian-gcc, r-devel-linux-x86_64-fedora-clang, r-devel-linux-x86_64-fedora-gcc, r-devel-windows-x86_64-new-UL, r-devel-windows-x86_64-new-TK, r-devel-windows-x86_64-old, r-patched-linux-x86_64, r-patched-solaris-x86, r-release-linux-x86_64, r-release-macos-arm64, r-release-macos-x86_64, r-release-windows-ix86+x86_64