Last updated on 2023-09-28 23:08:49 CEST.
Flavor | Version | Tinstall | Tcheck | Ttotal | Status | Flags |
---|---|---|---|---|---|---|
r-devel-linux-x86_64-debian-clang | 0.9.4 | 5.32 | 182.56 | 187.88 | NOTE | |
r-devel-linux-x86_64-debian-gcc | 0.9.4 | 5.42 | 121.86 | 127.28 | NOTE | |
r-devel-linux-x86_64-fedora-clang | 0.9.4 | 222.33 | NOTE | |||
r-devel-linux-x86_64-fedora-gcc | 0.9.4 | 234.93 | NOTE | |||
r-devel-windows-x86_64 | 0.9.4 | 8.00 | 131.00 | 139.00 | NOTE | |
r-patched-linux-x86_64 | 0.9.4 | 6.69 | 178.75 | 185.44 | NOTE | |
r-release-linux-x86_64 | 0.9.4 | 5.78 | 180.38 | 186.16 | NOTE | |
r-release-macos-arm64 | 0.9.4 | 66.00 | NOTE | |||
r-release-macos-x86_64 | 0.9.4 | 109.00 | NOTE | |||
r-release-windows-x86_64 | 0.9.4 | 9.00 | 173.00 | 182.00 | NOTE | |
r-oldrel-macos-arm64 | 0.9.4 | 52.00 | NOTE | |||
r-oldrel-macos-x86_64 | 0.9.4 | 97.00 | NOTE | |||
r-oldrel-windows-x86_64 | 0.9.4 | 10.00 | 168.00 | 178.00 | NOTE |
Version: 0.9.4
Check: LazyData
Result: NOTE
'LazyData' is specified without a 'data' directory
Flavors: r-devel-linux-x86_64-debian-clang, r-devel-linux-x86_64-debian-gcc, r-devel-linux-x86_64-fedora-clang, r-devel-linux-x86_64-fedora-gcc, r-devel-windows-x86_64, r-patched-linux-x86_64, r-release-linux-x86_64, r-release-macos-arm64, r-release-macos-x86_64, r-release-windows-x86_64, r-oldrel-macos-arm64, r-oldrel-macos-x86_64, r-oldrel-windows-x86_64