CRAN Package Check Results for Package keras

Last updated on 2019-12-09 22:51:13 CET.

Flavor Version Tinstall Tcheck Ttotal Status Flags
r-devel-linux-x86_64-debian-clang 2.2.5.0 19.38 173.81 193.19 OK
r-devel-linux-x86_64-debian-gcc 2.2.5.0 15.98 135.59 151.57 OK
r-devel-linux-x86_64-fedora-clang 2.2.5.0 235.37 NOTE
r-devel-linux-x86_64-fedora-gcc 2.2.5.0 232.96 OK
r-devel-windows-ix86+x86_64 2.2.5.0 33.00 248.00 281.00 NOTE
r-devel-windows-ix86+x86_64-gcc8 2.2.5.0 33.00 187.00 220.00 NOTE
r-patched-linux-x86_64 2.2.5.0 16.19 155.38 171.57 OK
r-patched-solaris-x86 2.2.5.0 270.00 NOTE
r-release-linux-x86_64 2.2.5.0 15.40 157.33 172.73 OK
r-release-windows-ix86+x86_64 2.2.5.0 29.00 174.00 203.00 NOTE
r-release-osx-x86_64 2.2.5.0 NOTE
r-oldrel-windows-ix86+x86_64 2.2.5.0 22.00 135.00 157.00 NOTE
r-oldrel-osx-x86_64 2.2.5.0 NOTE

Check Details

Version: 2.2.5.0
Check: installed package size
Result: NOTE
     installed size is 6.0Mb
     sub-directories of 1Mb or more:
     doc 4.5Mb
Flavors: r-devel-linux-x86_64-fedora-clang, r-devel-windows-ix86+x86_64, r-devel-windows-ix86+x86_64-gcc8, r-patched-solaris-x86, r-release-windows-ix86+x86_64, r-release-osx-x86_64, r-oldrel-windows-ix86+x86_64, r-oldrel-osx-x86_64