CRAN Package Check Results for Package keras

Last updated on 2019-08-22 22:46:57 CEST.

Flavor Version Tinstall Tcheck Ttotal Status Flags
r-devel-linux-x86_64-debian-clang 2.2.4.1 16.51 158.30 174.81 OK
r-devel-linux-x86_64-debian-gcc 2.2.4.1 14.66 126.55 141.21 OK
r-devel-linux-x86_64-fedora-clang 2.2.4.1 216.32 NOTE
r-devel-linux-x86_64-fedora-gcc 2.2.4.1 213.43 OK
r-devel-windows-ix86+x86_64 2.2.4.1 53.00 274.00 327.00 NOTE
r-patched-linux-x86_64 2.2.4.1 15.43 154.64 170.07 OK
r-patched-solaris-x86 2.2.4.1 322.30 NOTE
r-release-linux-x86_64 2.2.4.1 16.23 157.36 173.59 OK
r-release-windows-ix86+x86_64 2.2.4.1 46.00 263.00 309.00 NOTE
r-release-osx-x86_64 2.2.4.1 NOTE
r-oldrel-windows-ix86+x86_64 2.2.4.1 38.00 207.00 245.00 NOTE
r-oldrel-osx-x86_64 2.2.4.1 NOTE

Check Details

Version: 2.2.4.1
Check: installed package size
Result: NOTE
     installed size is 5.9Mb
     sub-directories of 1Mb or more:
     doc 4.4Mb
Flavors: r-devel-linux-x86_64-fedora-clang, r-devel-windows-ix86+x86_64, r-patched-solaris-x86, r-release-windows-ix86+x86_64, r-release-osx-x86_64, r-oldrel-windows-ix86+x86_64, r-oldrel-osx-x86_64