CRAN Package Check Results for Package kernelTDA

Last updated on 2020-02-21 22:51:10 CET.

Flavor Version Tinstall Tcheck Ttotal Status Flags
r-devel-linux-x86_64-debian-clang 0.1.1 68.77 41.64 110.41 OK
r-devel-linux-x86_64-debian-gcc 0.1.1 42.19 33.77 75.96 OK
r-devel-linux-x86_64-fedora-clang 0.1.1 144.34 NOTE
r-devel-linux-x86_64-fedora-gcc 0.1.1 136.67 OK
r-devel-windows-ix86+x86_64 0.1.1 105.00 75.00 180.00 OK
r-devel-windows-ix86+x86_64-gcc8 0.1.1 163.00 108.00 271.00 OK
r-patched-linux-x86_64 0.1.1 OK
r-patched-solaris-x86 0.1.1 136.70 OK
r-release-linux-x86_64 0.1.1 51.95 39.31 91.26 OK
r-release-windows-ix86+x86_64 0.1.1 110.00 79.00 189.00 OK
r-release-osx-x86_64 0.1.1 NOTE
r-oldrel-windows-ix86+x86_64 0.1.1 115.00 73.00 188.00 OK
r-oldrel-osx-x86_64 0.1.1 NOTE

Check Details

Version: 0.1.1
Check: installed package size
Result: NOTE
     installed size is 9.9Mb
     sub-directories of 1Mb or more:
     libs 9.6Mb
Flavors: r-devel-linux-x86_64-fedora-clang, r-release-osx-x86_64, r-oldrel-osx-x86_64