CRAN Package Check Results for Package kgrams

Last updated on 2021-07-30 22:57:30 CEST.

Flavor Version Tinstall Tcheck Ttotal Status Flags
r-devel-linux-x86_64-debian-clang 0.1.0 OK
r-devel-linux-x86_64-debian-gcc 0.1.0 97.88 101.95 199.83 OK
r-devel-linux-x86_64-fedora-clang 0.1.0 338.12 NOTE
r-devel-linux-x86_64-fedora-gcc 0.1.0 331.71 NOTE
r-devel-windows-x86_64 0.1.0 106.00 186.00 292.00 OK
r-devel-windows-x86_64-gcc10-UCRT 0.1.0 NOTE
r-patched-linux-x86_64 0.1.0 OK
r-patched-solaris-x86 0.1.0 347.70 NOTE
r-release-linux-x86_64 0.1.0 112.26 125.90 238.16 OK
r-release-macos-arm64 0.1.0 NOTE
r-release-macos-x86_64 0.1.0 NOTE
r-release-windows-ix86+x86_64 0.1.0 263.00 235.00 498.00 OK
r-oldrel-macos-x86_64 0.1.0 NOTE
r-oldrel-windows-ix86+x86_64 0.1.0 186.00 234.00 420.00 OK

Check Details

Version: 0.1.0
Check: dependencies in R code
Result: NOTE
    Namespace in Imports field not imported from: ‘RcppProgress’
     All declared Imports should be used.
Flavors: r-devel-linux-x86_64-fedora-clang, r-devel-linux-x86_64-fedora-gcc, r-devel-windows-x86_64-gcc10-UCRT, r-patched-solaris-x86, r-release-macos-arm64, r-release-macos-x86_64, r-oldrel-macos-x86_64

Version: 0.1.0
Check: installed package size
Result: NOTE
     installed size is 21.7Mb
     sub-directories of 1Mb or more:
     libs 21.3Mb
Flavors: r-release-macos-arm64, r-release-macos-x86_64, r-oldrel-macos-x86_64