Last updated on 2023-09-28 23:08:49 CEST.
Flavor | Version | Tinstall | Tcheck | Ttotal | Status | Flags |
---|---|---|---|---|---|---|
r-devel-linux-x86_64-debian-clang | 1.3.5 | 3.24 | 42.06 | 45.30 | NOTE | |
r-devel-linux-x86_64-debian-gcc | 1.3.5 | 2.78 | 32.35 | 35.13 | NOTE | |
r-devel-linux-x86_64-fedora-clang | 1.3.5 | 56.60 | NOTE | |||
r-devel-linux-x86_64-fedora-gcc | 1.3.5 | 56.53 | NOTE | |||
r-devel-windows-x86_64 | 1.3.5 | 5.00 | 57.00 | 62.00 | NOTE | |
r-patched-linux-x86_64 | 1.3.5 | 3.40 | 41.79 | 45.19 | NOTE | |
r-release-linux-x86_64 | 1.3.5 | 2.73 | 42.16 | 44.89 | NOTE | |
r-release-macos-arm64 | 1.3.5 | 24.00 | NOTE | |||
r-release-macos-x86_64 | 1.3.5 | 36.00 | NOTE | |||
r-release-windows-x86_64 | 1.3.5 | 6.00 | 59.00 | 65.00 | NOTE | |
r-oldrel-macos-arm64 | 1.3.5 | 22.00 | NOTE | |||
r-oldrel-macos-x86_64 | 1.3.5 | 40.00 | NOTE | |||
r-oldrel-windows-x86_64 | 1.3.5 | 7.00 | 62.00 | 69.00 | NOTE |
Version: 1.3.5
Check: LazyData
Result: NOTE
'LazyData' is specified without a 'data' directory
Flavors: r-devel-linux-x86_64-debian-clang, r-devel-linux-x86_64-debian-gcc, r-devel-linux-x86_64-fedora-clang, r-devel-linux-x86_64-fedora-gcc, r-devel-windows-x86_64, r-patched-linux-x86_64, r-release-linux-x86_64, r-release-macos-arm64, r-release-macos-x86_64, r-release-windows-x86_64, r-oldrel-macos-arm64, r-oldrel-macos-x86_64, r-oldrel-windows-x86_64