CRAN Package Check Results for Package kgschart

Last updated on 2024-07-16 22:48:37 CEST.

Flavor Version Tinstall Tcheck Ttotal Status Flags
r-devel-linux-x86_64-debian-clang 1.3.5 3.19 43.53 46.72 NOTE
r-devel-linux-x86_64-debian-gcc 1.3.5 2.76 33.05 35.81 NOTE
r-devel-linux-x86_64-fedora-clang 1.3.5 58.71 NOTE
r-devel-linux-x86_64-fedora-gcc 1.3.5 55.56 NOTE
r-devel-windows-x86_64 1.3.5 6.00 59.00 65.00 NOTE
r-patched-linux-x86_64 1.3.5 2.44 41.45 43.89 NOTE
r-release-linux-x86_64 1.3.5 3.39 40.34 43.73 NOTE
r-release-macos-arm64 1.3.5 23.00 NOTE
r-release-macos-x86_64 1.3.5 33.00 NOTE
r-release-windows-x86_64 1.3.5 5.00 56.00 61.00 NOTE
r-oldrel-macos-arm64 1.3.5 24.00 NOTE
r-oldrel-macos-x86_64 1.3.5 36.00 NOTE
r-oldrel-windows-x86_64 1.3.5 6.00 62.00 68.00 NOTE

Check Details

Version: 1.3.5
Check: LazyData
Result: NOTE 'LazyData' is specified without a 'data' directory Flavors: r-devel-linux-x86_64-debian-clang, r-devel-linux-x86_64-debian-gcc, r-devel-linux-x86_64-fedora-clang, r-devel-linux-x86_64-fedora-gcc, r-devel-windows-x86_64, r-patched-linux-x86_64, r-release-linux-x86_64, r-release-macos-arm64, r-release-macos-x86_64, r-release-windows-x86_64, r-oldrel-macos-arm64, r-oldrel-macos-x86_64, r-oldrel-windows-x86_64