Last updated on 2024-04-18 22:52:46 CEST.
Flavor | Version | Tinstall | Tcheck | Ttotal | Status | Flags |
---|---|---|---|---|---|---|
r-devel-linux-x86_64-debian-clang | 0.2.0 | 1.84 | 31.51 | 33.35 | NOTE | |
r-devel-linux-x86_64-debian-gcc | 0.2.0 | 2.02 | 24.09 | 26.11 | NOTE | |
r-devel-linux-x86_64-fedora-clang | 0.2.0 | 41.77 | NOTE | |||
r-devel-linux-x86_64-fedora-gcc | 0.2.0 | 39.94 | NOTE | |||
r-prerel-macos-arm64 | 0.2.0 | 114.00 | NOTE | |||
r-prerel-windows-x86_64 | 0.2.0 | 4.00 | 124.00 | 128.00 | NOTE | |
r-patched-linux-x86_64 | 0.2.0 | 1.84 | 31.25 | 33.09 | NOTE | |
r-release-linux-x86_64 | 0.2.0 | 2.48 | 30.21 | 32.69 | NOTE | |
r-release-macos-arm64 | 0.2.0 | 137.00 | NOTE | |||
r-release-macos-x86_64 | 0.2.0 | 132.00 | NOTE | |||
r-release-windows-x86_64 | 0.2.0 | 3.00 | 126.00 | 129.00 | NOTE | |
r-oldrel-macos-arm64 | 0.2.0 | 120.00 | NOTE | |||
r-oldrel-windows-x86_64 | 0.2.0 | 4.00 | 135.00 | 139.00 | NOTE |
Version: 0.2.0
Check: LazyData
Result: NOTE
'LazyData' is specified without a 'data' directory
Flavors: r-devel-linux-x86_64-debian-clang, r-devel-linux-x86_64-debian-gcc, r-devel-linux-x86_64-fedora-clang, r-devel-linux-x86_64-fedora-gcc, r-prerel-macos-arm64, r-prerel-windows-x86_64, r-patched-linux-x86_64, r-release-linux-x86_64, r-release-macos-arm64, r-release-macos-x86_64, r-release-windows-x86_64, r-oldrel-macos-arm64, r-oldrel-windows-x86_64